CRAN Package Check Results for Package mcPAFit

Last updated on 2019-08-24 05:47:01 CEST.

Flavor Version Tinstall Tcheck Ttotal Status Flags
r-devel-linux-x86_64-debian-clang 0.1.4 15.83 48.08 63.91 NOTE
r-devel-linux-x86_64-debian-gcc 0.1.4 14.66 39.04 53.70 NOTE
r-devel-linux-x86_64-fedora-clang 0.1.4 94.85 NOTE
r-devel-linux-x86_64-fedora-gcc 0.1.4 84.57 NOTE
r-devel-windows-ix86+x86_64 0.1.4 45.00 130.00 175.00 OK
r-patched-linux-x86_64 0.1.4 15.52 48.36 63.88 NOTE
r-patched-solaris-x86 0.1.4 133.40 OK
r-release-linux-x86_64 0.1.4 16.35 49.08 65.43 NOTE
r-release-windows-ix86+x86_64 0.1.4 68.00 148.00 216.00 OK
r-release-osx-x86_64 0.1.4 FAIL
r-oldrel-windows-ix86+x86_64 0.1.4 63.00 129.00 192.00 OK
r-oldrel-osx-x86_64 0.1.4 OK

Check Details

Version: 0.1.4
Check: use of SHLIB_OPENMP_*FLAGS in Makefiles
Result: NOTE
     src/Makevars: incorrect macro SHLIB_OPENMP_CFLAGS included in PKG_CXXFLAGS
     src/Makevars: SHLIB_OPENMP_CFLAGS is included in PKG_LIBS but linking is by C++
     src/Makevars.win: incorrect macro SHLIB_OPENMP_CFLAGS included in PKG_CXXFLAGS
     src/Makevars.win: SHLIB_OPENMP_CFLAGS is included in PKG_LIBS but linking is by C++
    Use of these macros is discussed in sect 1.2.1.1 of 'Writing R
    Extensions'. The macros for different languages may differ so the
    matching macro must be used in PKG_CXXFLAGS (etc) and match that used
    in PKG_LIBS (except for Fortran: see the manual).
Flavors: r-devel-linux-x86_64-debian-clang, r-devel-linux-x86_64-debian-gcc, r-devel-linux-x86_64-fedora-clang, r-devel-linux-x86_64-fedora-gcc, r-patched-linux-x86_64, r-release-linux-x86_64

Version: 0.1.4
Check: whether package can be installed
Result: FAIL
    
Flavor: r-release-osx-x86_64