CRAN Package Check Results for Package mcPAFit

Last updated on 2020-01-19 05:47:11 CET.

Flavor Version Tinstall Tcheck Ttotal Status Flags
r-devel-linux-x86_64-debian-clang 0.1.4 21.68 50.45 72.13 NOTE
r-devel-linux-x86_64-debian-gcc 0.1.4 14.53 40.03 54.56 NOTE
r-devel-linux-x86_64-fedora-clang 0.1.4 93.13 NOTE
r-devel-linux-x86_64-fedora-gcc 0.1.4 87.38 NOTE
r-devel-windows-ix86+x86_64 0.1.4 69.00 101.00 170.00 OK
r-devel-windows-ix86+x86_64-gcc8 0.1.4 51.00 164.00 215.00 OK
r-patched-linux-x86_64 0.1.4 17.00 45.59 62.59 NOTE
r-patched-solaris-x86 0.1.4 112.60 OK
r-release-linux-x86_64 0.1.4 16.32 45.18 61.50 NOTE
r-release-windows-ix86+x86_64 0.1.4 61.00 132.00 193.00 OK
r-release-osx-x86_64 0.1.4 FAIL
r-oldrel-windows-ix86+x86_64 0.1.4 55.00 92.00 147.00 OK
r-oldrel-osx-x86_64 0.1.4 OK

Check Details

Version: 0.1.4
Check: use of SHLIB_OPENMP_*FLAGS in Makefiles
Result: NOTE
     src/Makevars: incorrect macro SHLIB_OPENMP_CFLAGS included in PKG_CXXFLAGS
     src/Makevars: SHLIB_OPENMP_CFLAGS is included in PKG_LIBS but linking is by C++
     src/Makevars.win: incorrect macro SHLIB_OPENMP_CFLAGS included in PKG_CXXFLAGS
     src/Makevars.win: SHLIB_OPENMP_CFLAGS is included in PKG_LIBS but linking is by C++
    Use of these macros is discussed in sect 1.2.1.1 of 'Writing R
    Extensions'. The macros for different languages may differ so the
    matching macro must be used in PKG_CXXFLAGS (etc) and match that used
    in PKG_LIBS (except for Fortran: see the manual).
Flavors: r-devel-linux-x86_64-debian-clang, r-devel-linux-x86_64-debian-gcc, r-devel-linux-x86_64-fedora-clang, r-devel-linux-x86_64-fedora-gcc, r-patched-linux-x86_64, r-release-linux-x86_64

Version: 0.1.4
Check: whether package can be installed
Result: FAIL
Flavor: r-release-osx-x86_64