CRAN Package Check Results for Package mcgibbsit

Last updated on 2019-08-23 05:46:58 CEST.

Flavor Version Tinstall Tcheck Ttotal Status Flags
r-devel-linux-x86_64-debian-clang 1.1.0 2.08 19.01 21.09 NOTE
r-devel-linux-x86_64-debian-gcc 1.1.0 1.83 15.65 17.48 NOTE
r-devel-linux-x86_64-fedora-clang 1.1.0 28.71 NOTE
r-devel-linux-x86_64-fedora-gcc 1.1.0 26.03 NOTE
r-devel-windows-ix86+x86_64 1.1.0 8.00 35.00 43.00 NOTE
r-patched-linux-x86_64 1.1.0 1.95 19.18 21.13 NOTE
r-patched-solaris-x86 1.1.0 40.80 NOTE
r-release-linux-x86_64 1.1.0 2.01 19.02 21.03 NOTE
r-release-windows-ix86+x86_64 1.1.0 4.00 46.00 50.00 NOTE
r-release-osx-x86_64 1.1.0 NOTE
r-oldrel-windows-ix86+x86_64 1.1.0 3.00 45.00 48.00 NOTE
r-oldrel-osx-x86_64 1.1.0 NOTE

Check Details

Version: 1.1.0
Check: dependencies in R code
Result: NOTE
    Package in Depends field not imported from: 'coda'
     These packages need to be imported from (in the NAMESPACE file)
     for when this namespace is loaded but not attached.
Flavors: r-devel-linux-x86_64-debian-clang, r-devel-linux-x86_64-debian-gcc, r-devel-linux-x86_64-fedora-clang, r-devel-linux-x86_64-fedora-gcc, r-devel-windows-ix86+x86_64, r-patched-linux-x86_64, r-patched-solaris-x86, r-release-linux-x86_64, r-release-windows-ix86+x86_64, r-release-osx-x86_64, r-oldrel-windows-ix86+x86_64, r-oldrel-osx-x86_64

Version: 1.1.0
Check: R code for possible problems
Result: NOTE
    mcgibbsit: no visible global function definition for 'is.mcmc.list'
    mcgibbsit: no visible global function definition for 'start'
    mcgibbsit: no visible global function definition for 'end'
    mcgibbsit: no visible global function definition for 'thin'
    mcgibbsit: no visible global function definition for 'nvar'
    mcgibbsit: no visible global function definition for 'mcmc'
    mcgibbsit: no visible global function definition for 'mcmc.list'
    mcgibbsit: no visible global function definition for 'varnames'
    mcgibbsit: no visible global function definition for 'qnorm'
    mcgibbsit: no visible global function definition for 'niter'
    mcgibbsit: no visible global function definition for 'quantile'
    mcgibbsit : to.table: no visible global function definition for
     'window'
    mcgibbsit: no visible global function definition for 'var'
    read.mcmc: no visible global function definition for 'mcmc.list'
    read.mcmc: no visible global function definition for 'mcmc'
    Undefined global functions or variables:
     end is.mcmc.list mcmc mcmc.list niter nvar qnorm quantile start thin
     var varnames window
    Consider adding
     importFrom("stats", "end", "qnorm", "quantile", "start", "var",
     "window")
    to your NAMESPACE file.
Flavors: r-devel-linux-x86_64-debian-clang, r-devel-linux-x86_64-debian-gcc, r-devel-linux-x86_64-fedora-clang, r-devel-linux-x86_64-fedora-gcc, r-devel-windows-ix86+x86_64, r-patched-linux-x86_64, r-patched-solaris-x86, r-release-linux-x86_64, r-release-windows-ix86+x86_64, r-release-osx-x86_64, r-oldrel-windows-ix86+x86_64, r-oldrel-osx-x86_64

Version: 1.1.0
Check: for non-standard things in the check directory
Result: NOTE
    Found the following files/directories:
     'dnzcY3e.1' 'dnzcY3e.2' 'dnzcY3e.3' 'mcmc.1.csv' 'mcmc.10.csv'
     'mcmc.11.csv' 'mcmc.12.csv' 'mcmc.13.csv' 'mcmc.14.csv' 'mcmc.15.csv'
     'mcmc.16.csv' 'mcmc.17.csv' 'mcmc.18.csv' 'mcmc.19.csv' 'mcmc.2.csv'
     'mcmc.20.csv' 'mcmc.3.csv' 'mcmc.4.csv' 'mcmc.5.csv' 'mcmc.6.csv'
     'mcmc.7.csv' 'mcmc.8.csv' 'mcmc.9.csv'
Flavors: r-devel-linux-x86_64-debian-clang, r-devel-linux-x86_64-debian-gcc, r-devel-linux-x86_64-fedora-clang, r-devel-linux-x86_64-fedora-gcc