CRAN Package Check Results for Package mclust

Last updated on 2019-08-18 05:46:18 CEST.

Flavor Version Tinstall Tcheck Ttotal Status Flags
r-devel-linux-x86_64-debian-clang 5.4.5 34.77 213.04 247.81 OK
r-devel-linux-x86_64-debian-gcc 5.4.5 31.26 154.04 185.30 OK
r-devel-linux-x86_64-fedora-clang 5.4.5 301.80 NOTE
r-devel-linux-x86_64-fedora-gcc 5.4.5 289.85 OK
r-devel-windows-ix86+x86_64 5.4.5 91.00 387.00 478.00 NOTE
r-patched-linux-x86_64 5.4.5 34.81 208.47 243.28 OK
r-patched-solaris-x86 5.4.5 415.10 NOTE
r-release-linux-x86_64 5.4.5 34.62 207.44 242.06 OK
r-release-windows-ix86+x86_64 5.4.5 69.00 386.00 455.00 NOTE
r-release-osx-x86_64 5.4.5 NOTE
r-oldrel-windows-ix86+x86_64 5.4.5 89.00 368.00 457.00 NOTE
r-oldrel-osx-x86_64 5.4.5 NOTE

Check Details

Version: 5.4.5
Check: installed package size
Result: NOTE
     installed size is 5.8Mb
     sub-directories of 1Mb or more:
     doc 3.0Mb
Flavors: r-devel-linux-x86_64-fedora-clang, r-devel-windows-ix86+x86_64, r-patched-solaris-x86, r-release-windows-ix86+x86_64, r-release-osx-x86_64, r-oldrel-windows-ix86+x86_64, r-oldrel-osx-x86_64

Version: 5.4.5
Check: R code for possible problems
Result: NOTE
    surfacePlot : <anonymous>: no visible global function definition for
     'hcl.colors'
    Undefined global functions or variables:
     hcl.colors
Flavors: r-oldrel-windows-ix86+x86_64, r-oldrel-osx-x86_64