Last updated on 2023-01-31 06:01:09 CET.
Flavor | Version | Tinstall | Tcheck | Ttotal | Status | Flags |
---|---|---|---|---|---|---|
r-devel-linux-x86_64-debian-clang | 0.4.3 | 3.41 | 46.00 | 49.41 | NOTE | |
r-devel-linux-x86_64-debian-gcc | 0.4.3 | 3.02 | 35.18 | 38.20 | NOTE | |
r-devel-linux-x86_64-fedora-clang | 0.4.3 | 62.84 | NOTE | |||
r-devel-linux-x86_64-fedora-gcc | 0.4.3 | 63.59 | NOTE | |||
r-devel-windows-x86_64 | 0.4.3 | 25.00 | 90.00 | 115.00 | NOTE | |
r-patched-linux-x86_64 | 0.4.3 | 4.99 | 44.36 | 49.35 | NOTE | |
r-release-linux-x86_64 | 0.4.3 | 3.47 | 44.13 | 47.60 | NOTE | |
r-release-macos-arm64 | 0.4.3 | 20.00 | NOTE | |||
r-release-macos-x86_64 | 0.4.3 | 31.00 | NOTE | |||
r-release-windows-x86_64 | 0.4.3 | 22.00 | 93.00 | 115.00 | NOTE | |
r-oldrel-macos-arm64 | 0.4.3 | 23.00 | NOTE | |||
r-oldrel-macos-x86_64 | 0.4.3 | 41.00 | NOTE | |||
r-oldrel-windows-ix86+x86_64 | 0.4.3 | 8.00 | 77.00 | 85.00 | NOTE |
Version: 0.4.3
Check: LazyData
Result: NOTE
'LazyData' is specified without a 'data' directory
Flavors: r-devel-linux-x86_64-debian-clang, r-devel-linux-x86_64-debian-gcc, r-devel-linux-x86_64-fedora-clang, r-devel-linux-x86_64-fedora-gcc, r-devel-windows-x86_64, r-patched-linux-x86_64, r-release-linux-x86_64, r-release-macos-arm64, r-release-macos-x86_64, r-release-windows-x86_64, r-oldrel-macos-arm64, r-oldrel-macos-x86_64, r-oldrel-windows-ix86+x86_64