CRAN Package Check Results for Package mdir.logrank

Last updated on 2021-09-21 05:51:17 CEST.

Flavor Version Tinstall Tcheck Ttotal Status Flags
r-devel-linux-x86_64-debian-clang 0.0.4 3.50 33.51 37.01 NOTE
r-devel-linux-x86_64-debian-gcc 0.0.4 2.30 26.69 28.99 NOTE
r-devel-linux-x86_64-fedora-clang 0.0.4 52.13 NOTE
r-devel-linux-x86_64-fedora-gcc 0.0.4 42.06 NOTE
r-devel-windows-x86_64 0.0.4 5.00 36.00 41.00 NOTE
r-devel-windows-x86_64-gcc10-UCRT 0.0.4 ERROR
r-patched-linux-x86_64 0.0.4 2.79 32.02 34.81 NOTE
r-patched-solaris-x86 0.0.4 61.20 NOTE
r-release-linux-x86_64 0.0.4 3.26 32.21 35.47 NOTE
r-release-macos-arm64 0.0.4 NOTE
r-release-macos-x86_64 0.0.4 NOTE
r-release-windows-ix86+x86_64 0.0.4 6.00 36.00 42.00 NOTE
r-oldrel-macos-x86_64 0.0.4 OK
r-oldrel-windows-ix86+x86_64 0.0.4 6.00 39.00 45.00 OK

Check Details

Version: 0.0.4
Check: LazyData
Result: NOTE
     'LazyData' is specified without a 'data' directory
Flavors: r-devel-linux-x86_64-debian-clang, r-devel-linux-x86_64-debian-gcc, r-devel-linux-x86_64-fedora-clang, r-devel-linux-x86_64-fedora-gcc, r-devel-windows-x86_64, r-devel-windows-x86_64-gcc10-UCRT, r-patched-linux-x86_64, r-patched-solaris-x86, r-release-linux-x86_64, r-release-macos-arm64, r-release-macos-x86_64, r-release-windows-ix86+x86_64

Version: 0.0.4
Check: whether package can be installed
Result: WARN
    Found the following significant warnings:
     WARNING: installation-time patches will not be applied, could not get the patches index
Flavor: r-devel-windows-x86_64-gcc10-UCRT

Version: 0.0.4
Check: PDF version of manual
Result: WARN
    LaTeX errors when creating PDF version.
    This typically indicates Rd problems.
Flavor: r-devel-windows-x86_64-gcc10-UCRT

Version: 0.0.4
Check: PDF version of manual without hyperrefs or index
Result: ERROR
    Re-running with no redirection of stdout/stderr.
Flavor: r-devel-windows-x86_64-gcc10-UCRT

Version: 0.0.4
Check: package dependencies
Result: NOTE
    Package suggested but not available for checking: ‘RGtk2’
Flavor: r-release-macos-arm64