CRAN Package Check Results for Package mdsOpt

Last updated on 2019-09-19 05:47:22 CEST.

Flavor Version Tinstall Tcheck Ttotal Status Flags
r-devel-linux-x86_64-debian-clang 0.4-2 18.81 148.49 167.30 OK
r-devel-linux-x86_64-debian-gcc 0.4-2 16.10 118.12 134.22 OK
r-devel-linux-x86_64-fedora-clang 0.4-2 207.49 OK
r-devel-linux-x86_64-fedora-gcc 0.4-2 206.59 OK
r-devel-windows-ix86+x86_64 0.4-2 98.00 203.00 301.00 OK
r-patched-linux-x86_64 0.4-2 18.93 146.36 165.29 OK
r-patched-solaris-x86 0.4-2 370.80 OK
r-release-linux-x86_64 0.4-2 18.42 145.30 163.72 OK
r-release-windows-ix86+x86_64 0.4-2 53.00 282.00 335.00 OK
r-release-osx-x86_64 0.4-2 WARN
r-oldrel-windows-ix86+x86_64 0.4-1 14.00 6.00 20.00 ERROR
r-oldrel-osx-x86_64 0.4-2 ERROR

Check Details

Version: 0.4-2
Check: whether package can be installed
Result: WARN
    Found the following significant warnings:
     Warning: 'rgl_init' failed, running with rgl.useNULL = TRUE
Flavor: r-release-osx-x86_64

Version: 0.4-2
Check: dependencies in R code
Result: NOTE
    No protocol specified
Flavor: r-release-osx-x86_64

Version: 0.4-2
Check: S3 generic/method consistency
Result: WARN
    No protocol specified
    See section ‘Generic functions and methods’ in the ‘Writing R
    Extensions’ manual.
Flavor: r-release-osx-x86_64

Version: 0.4-2
Check: replacement functions
Result: WARN
    No protocol specified
    The argument of a replacement function which corresponds to the right
    hand side must be named ‘value’.
Flavor: r-release-osx-x86_64

Version: 0.4-2
Check: foreign function calls
Result: NOTE
    No protocol specified
    See chapter ‘System and foreign language interfaces’ in the ‘Writing R
    Extensions’ manual.
Flavor: r-release-osx-x86_64

Version: 0.4-2
Check: R code for possible problems
Result: NOTE
    No protocol specified
Flavor: r-release-osx-x86_64

Version: 0.4-2
Check: for missing documentation entries
Result: WARN
    No protocol specified
    All user-level objects in a package should have documentation entries.
    See chapter ‘Writing R documentation files’ in the ‘Writing R
    Extensions’ manual.
Flavor: r-release-osx-x86_64

Version: 0.4-2
Check: for code/documentation mismatches
Result: WARN
    No protocol specified
    No protocol specified
    No protocol specified
Flavor: r-release-osx-x86_64

Version: 0.4-2
Check: Rd \usage sections
Result: NOTE
    No protocol specified
    The \usage entries for S3 methods should use the \method markup and not
    their full name.
    See chapter ‘Writing R documentation files’ in the ‘Writing R
    Extensions’ manual.
Flavor: r-release-osx-x86_64

Version: 0.4-1
Check: whether package can be installed
Result: ERROR
    Installation failed.
Flavor: r-oldrel-windows-ix86+x86_64

Version: 0.4-2
Check: whether package can be installed
Result: ERROR
    Installation failed.
Flavor: r-oldrel-osx-x86_64