CRAN Package Check Results for Package mdsOpt

Last updated on 2020-02-27 05:48:51 CET.

Flavor Version Tinstall Tcheck Ttotal Status Flags
r-devel-linux-x86_64-debian-clang 0.4-3 24.38 231.09 255.47 OK
r-devel-linux-x86_64-debian-gcc 0.4-3 19.90 179.30 199.20 OK
r-devel-linux-x86_64-fedora-clang 0.4-3 291.03 WARN
r-devel-linux-x86_64-fedora-gcc 0.4-3 287.29 WARN
r-devel-windows-ix86+x86_64 0.4-3 74.00 244.00 318.00 OK
r-devel-windows-ix86+x86_64-gcc8 0.4-3 69.00 259.00 328.00 OK
r-patched-linux-x86_64 0.4-3 17.53 203.05 220.58 OK
r-patched-solaris-x86 0.4-3 439.40 OK
r-release-linux-x86_64 0.4-3 20.51 202.29 222.80 OK
r-release-windows-ix86+x86_64 0.4-3 58.00 223.00 281.00 OK
r-release-osx-x86_64 0.4-3 WARN
r-oldrel-windows-ix86+x86_64 0.4-1 14.00 6.00 20.00 ERROR
r-oldrel-osx-x86_64 0.4-3 ERROR

Check Details

Version: 0.4-3
Check: whether package can be installed
Result: WARN
    Found the following significant warnings:
     Warning: namespace ‘rgdal’ is not available and has been replaced
Flavors: r-devel-linux-x86_64-fedora-clang, r-devel-linux-x86_64-fedora-gcc

Version: 0.4-3
Check: whether package can be installed
Result: WARN
    Found the following significant warnings:
     Warning: 'rgl_init' failed, running with rgl.useNULL = TRUE
Flavor: r-release-osx-x86_64

Version: 0.4-3
Check: dependencies in R code
Result: NOTE
    No protocol specified
Flavor: r-release-osx-x86_64

Version: 0.4-3
Check: S3 generic/method consistency
Result: WARN
    No protocol specified
    See section ‘Generic functions and methods’ in the ‘Writing R
    Extensions’ manual.
Flavor: r-release-osx-x86_64

Version: 0.4-3
Check: replacement functions
Result: WARN
    No protocol specified
    The argument of a replacement function which corresponds to the right
    hand side must be named ‘value’.
Flavor: r-release-osx-x86_64

Version: 0.4-3
Check: foreign function calls
Result: NOTE
    No protocol specified
    See chapter ‘System and foreign language interfaces’ in the ‘Writing R
    Extensions’ manual.
Flavor: r-release-osx-x86_64

Version: 0.4-3
Check: R code for possible problems
Result: NOTE
    No protocol specified
Flavor: r-release-osx-x86_64

Version: 0.4-3
Check: for missing documentation entries
Result: WARN
    No protocol specified
    All user-level objects in a package should have documentation entries.
    See chapter ‘Writing R documentation files’ in the ‘Writing R
    Extensions’ manual.
Flavor: r-release-osx-x86_64

Version: 0.4-3
Check: for code/documentation mismatches
Result: WARN
    No protocol specified
    No protocol specified
    No protocol specified
Flavor: r-release-osx-x86_64

Version: 0.4-3
Check: Rd \usage sections
Result: NOTE
    No protocol specified
    The \usage entries for S3 methods should use the \method markup and not
    their full name.
    See chapter ‘Writing R documentation files’ in the ‘Writing R
    Extensions’ manual.
Flavor: r-release-osx-x86_64

Version: 0.4-1
Check: whether package can be installed
Result: ERROR
    Installation failed.
Flavor: r-oldrel-windows-ix86+x86_64

Version: 0.4-3
Check: whether package can be installed
Result: ERROR
    Installation failed.
Flavor: r-oldrel-osx-x86_64