CRAN Package Check Results for Package meaRtools

Last updated on 2019-12-07 05:47:38 CET.

Flavor Version Tinstall Tcheck Ttotal Status Flags
r-devel-linux-x86_64-debian-clang 1.0.4 43.00 488.71 531.71 OK
r-devel-linux-x86_64-debian-gcc 1.0.4 27.66 344.04 371.70 OK
r-devel-linux-x86_64-fedora-clang 1.0.4 624.57 OK
r-devel-linux-x86_64-fedora-gcc 1.0.4 583.29 OK
r-devel-windows-ix86+x86_64 1.0.4 80.00 564.00 644.00 NOTE
r-devel-windows-ix86+x86_64-gcc8 1.0.4 82.00 597.00 679.00 NOTE
r-patched-linux-x86_64 1.0.4 31.49 428.94 460.43 OK
r-patched-solaris-x86 1.0.4 798.50 OK
r-release-linux-x86_64 1.0.4 30.79 427.96 458.75 OK
r-release-windows-ix86+x86_64 1.0.4 71.00 377.00 448.00 NOTE
r-release-osx-x86_64 1.0.4 FAIL
r-oldrel-windows-ix86+x86_64 1.0.4 63.00 547.00 610.00 NOTE
r-oldrel-osx-x86_64 1.0.4 OK

Check Details

Version: 1.0.4
Check: installed package size
Result: NOTE
     installed size is 5.4Mb
     sub-directories of 1Mb or more:
     extdata 2.6Mb
     libs 1.5Mb
Flavors: r-devel-windows-ix86+x86_64, r-devel-windows-ix86+x86_64-gcc8, r-release-windows-ix86+x86_64, r-oldrel-windows-ix86+x86_64

Version: 1.0.4
Check: whether package can be installed
Result: FAIL
    
Flavor: r-release-osx-x86_64