CRAN Package Check Results for Package meaRtools

Last updated on 2019-08-21 05:46:56 CEST.

Flavor Version Tinstall Tcheck Ttotal Status Flags
r-devel-linux-x86_64-debian-clang 1.0.4 34.36 451.13 485.49 OK
r-devel-linux-x86_64-debian-gcc 1.0.4 28.17 321.12 349.29 OK
r-devel-linux-x86_64-fedora-clang 1.0.4 599.86 OK
r-devel-linux-x86_64-fedora-gcc 1.0.4 533.18 OK
r-devel-windows-ix86+x86_64 1.0.4 87.00 556.00 643.00 NOTE
r-patched-linux-x86_64 1.0.4 32.15 422.17 454.32 OK
r-patched-solaris-x86 1.0.4 808.40 OK
r-release-linux-x86_64 1.0.4 32.27 426.50 458.77 OK
r-release-windows-ix86+x86_64 1.0.4 63.00 394.00 457.00 NOTE
r-release-osx-x86_64 1.0.4 FAIL
r-oldrel-windows-ix86+x86_64 1.0.4 81.00 564.00 645.00 NOTE
r-oldrel-osx-x86_64 1.0.4 OK

Check Details

Version: 1.0.4
Check: installed package size
Result: NOTE
     installed size is 5.4Mb
     sub-directories of 1Mb or more:
     extdata 2.6Mb
     libs 1.5Mb
Flavors: r-devel-windows-ix86+x86_64, r-release-windows-ix86+x86_64, r-oldrel-windows-ix86+x86_64

Version: 1.0.4
Check: whether package can be installed
Result: FAIL
    
Flavor: r-release-osx-x86_64