CRAN Package Check Results for Package medfate

Last updated on 2022-01-25 05:54:48 CET.

Flavor Version Tinstall Tcheck Ttotal Status Flags
r-devel-linux-x86_64-debian-clang 2.3.7 349.47 478.92 828.39 OK
r-devel-linux-x86_64-debian-gcc 2.3.7 303.65 370.16 673.81 OK
r-devel-linux-x86_64-fedora-clang 2.3.7 1134.45 NOTE
r-devel-linux-x86_64-fedora-gcc 2.3.7 1117.07 NOTE
r-devel-windows-x86_64-new-UL 2.3.7 356.00 625.00 981.00 NOTE
r-devel-windows-x86_64-new-TK 2.3.7 NOTE
r-patched-linux-x86_64 2.3.7 293.83 512.01 805.84 OK
r-release-linux-x86_64 2.3.7 263.18 514.87 778.05 OK
r-release-macos-arm64 2.3.7 NOTE
r-release-macos-x86_64 2.3.7 NOTE
r-release-windows-ix86+x86_64 2.3.7 824.00 758.00 1582.00 ERROR
r-oldrel-macos-x86_64 2.3.7 NOTE
r-oldrel-windows-ix86+x86_64 2.3.7 830.00 777.00 1607.00 ERROR

Check Details

Version: 2.3.7
Check: installed package size
Result: NOTE
     installed size is 31.7Mb
     sub-directories of 1Mb or more:
     doc 3.2Mb
     libs 27.4Mb
Flavors: r-devel-linux-x86_64-fedora-clang, r-devel-windows-x86_64-new-UL, r-release-macos-arm64, r-release-macos-x86_64, r-release-windows-ix86+x86_64, r-oldrel-macos-x86_64, r-oldrel-windows-ix86+x86_64

Version: 2.3.7
Check: data for non-ASCII characters
Result: NOTE
     Note: found 19 marked UTF-8 strings
Flavors: r-devel-linux-x86_64-fedora-clang, r-devel-linux-x86_64-fedora-gcc, r-devel-windows-x86_64-new-TK, r-release-macos-arm64, r-release-macos-x86_64, r-oldrel-macos-x86_64

Version: 2.3.7
Check: PDF version of manual
Result: WARN
    LaTeX errors when creating PDF version.
    This typically indicates Rd problems.
    LaTeX errors found:
    ! Package inputenc Error: Unicode char â<c2><80><c2><90> (U+2010)
    (inputenc) not set up for use with LaTeX.
    
    See the inputenc package documentation for explanation.
    Type H <return> for immediate help.
    ! Package inputenc Error: Unicode char â<c2><80><c2><90> (U+2010)
    (inputenc) not set up for use with LaTeX.
    
    See the inputenc package documentation for explanation.
    Type H <return> for immediate help.
Flavors: r-release-windows-ix86+x86_64, r-oldrel-windows-ix86+x86_64

Version: 2.3.7
Check: PDF version of manual without hyperrefs or index
Result: ERROR
Flavors: r-release-windows-ix86+x86_64, r-oldrel-windows-ix86+x86_64