CRAN Package Check Results for Package meditate

Last updated on 2021-10-19 05:51:06 CEST.

Flavor Version Tinstall Tcheck Ttotal Status Flags
r-devel-linux-x86_64-debian-clang 0.1.3 13.73 27.97 41.70 NOTE
r-devel-linux-x86_64-debian-gcc 0.1.3 12.73 21.55 34.28 NOTE
r-devel-linux-x86_64-fedora-clang 0.1.3 63.86 NOTE
r-devel-linux-x86_64-fedora-gcc 0.1.3 53.08 NOTE
r-devel-windows-x86_64 0.1.3 20.00 53.00 73.00 NOTE
r-devel-windows-x86_64-gcc10-UCRT 0.1.3 NOTE
r-patched-linux-x86_64 0.1.3 14.10 26.78 40.88 NOTE
r-patched-solaris-x86 0.1.3 103.10 NOTE
r-release-linux-x86_64 0.1.3 13.32 27.48 40.80 NOTE
r-release-macos-arm64 0.1.3 NOTE
r-release-macos-x86_64 0.1.3 NOTE
r-release-windows-ix86+x86_64 0.1.3 16.00 58.00 74.00 NOTE
r-oldrel-macos-x86_64 0.1.3 OK
r-oldrel-windows-ix86+x86_64 0.1.3 22.00 52.00 74.00 OK

Check Details

Version: 0.1.3
Check: LazyData
Result: NOTE
     'LazyData' is specified without a 'data' directory
     'LazyDataCompression' is specified without a 'data' directory
Flavors: r-devel-linux-x86_64-debian-clang, r-devel-linux-x86_64-debian-gcc, r-devel-linux-x86_64-fedora-clang, r-devel-linux-x86_64-fedora-gcc, r-devel-windows-x86_64, r-devel-windows-x86_64-gcc10-UCRT, r-patched-linux-x86_64, r-patched-solaris-x86, r-release-linux-x86_64, r-release-macos-arm64, r-release-macos-x86_64, r-release-windows-ix86+x86_64