CRAN Package Check Results for Package meerva

Last updated on 2024-06-14 06:53:39 CEST.

Flavor Version Tinstall Tcheck Ttotal Status Flags
r-devel-linux-x86_64-debian-clang 0.2-2 6.88 51.41 58.29 OK
r-devel-linux-x86_64-debian-gcc 0.2-2 4.27 37.68 41.95 OK
r-devel-linux-x86_64-fedora-clang 0.2-2 72.53 NOTE
r-devel-linux-x86_64-fedora-gcc 0.2-2 79.92 NOTE
r-devel-windows-x86_64 0.2-2 5.00 60.00 65.00 OK
r-patched-linux-x86_64 0.2-2 5.13 49.46 54.59 OK
r-release-linux-x86_64 0.2-2 3.34 48.48 51.82 OK
r-release-macos-arm64 0.2-2 28.00 OK
r-release-macos-x86_64 0.2-2 45.00 OK
r-release-windows-x86_64 0.2-2 6.00 63.00 69.00 OK
r-oldrel-macos-arm64 0.2-2 32.00 OK
r-oldrel-macos-x86_64 0.2-2 39.00 OK
r-oldrel-windows-x86_64 0.2-2 7.00 66.00 73.00 OK

Check Details

Version: 0.2-2
Check: dependencies in R code
Result: NOTE Namespace in Imports field not imported from: ‘dplyr’ All declared Imports should be used. Flavors: r-devel-linux-x86_64-fedora-clang, r-devel-linux-x86_64-fedora-gcc