CRAN Package Check Results for Package memapp

Last updated on 2021-12-06 05:53:15 CET.

Flavor Version Tinstall Tcheck Ttotal Status Flags
r-devel-linux-x86_64-debian-clang 2.14 3.18 40.47 43.65 OK
r-devel-linux-x86_64-debian-gcc 2.14 3.05 32.26 35.31 OK
r-devel-linux-x86_64-fedora-clang 2.14 56.93 NOTE
r-devel-linux-x86_64-fedora-gcc 2.14 43.41 NOTE
r-devel-windows-x86_64-new-UL 2.14 10.00 72.00 82.00 OK
r-devel-windows-x86_64-new-TK 2.14 NOTE
r-devel-windows-x86_64-old 2.14 8.00 37.00 45.00 OK
r-patched-linux-x86_64 2.14 3.86 30.85 34.71 OK
r-release-linux-x86_64 2.14 2.17 39.13 41.30 OK
r-release-macos-arm64 2.14 NOTE
r-release-macos-x86_64 2.14 NOTE
r-release-windows-ix86+x86_64 2.14 10.00 61.00 71.00 OK
r-oldrel-macos-x86_64 2.14 NOTE
r-oldrel-windows-ix86+x86_64 2.14 11.00 54.00 65.00 OK

Check Details

Version: 2.14
Check: package dependencies
Result: NOTE
    Imports includes 21 non-default packages.
    Importing from so many packages makes the package vulnerable to any of
    them becoming unavailable. Move as many as possible to Suggests and
    use conditionally.
Flavor: r-devel-linux-x86_64-fedora-clang

Version: 2.14
Check: dependencies in R code
Result: NOTE
    Namespaces in Imports field not imported from:
     ‘DT’ ‘RColorBrewer’ ‘RODBC’ ‘dplyr’ ‘foreign’ ‘formattable’ ‘ggplot2’
     ‘haven’ ‘mem’ ‘openxlsx’ ‘plotly’ ‘readxl’ ‘shinyBS’ ‘shinyWidgets’
     ‘shinydashboard’ ‘shinyjs’ ‘shinythemes’ ‘stringi’ ‘stringr’ ‘tidyr’
     All declared Imports should be used.
Flavors: r-devel-linux-x86_64-fedora-clang, r-devel-linux-x86_64-fedora-gcc, r-devel-windows-x86_64-new-TK, r-release-macos-arm64, r-release-macos-x86_64, r-oldrel-macos-x86_64