CRAN Package Check Results for Package memgene

Last updated on 2021-09-27 05:51:28 CEST.

Flavor Version Tinstall Tcheck Ttotal Status Flags
r-devel-linux-x86_64-debian-clang 1.0.1 16.08 151.84 167.92 NOTE
r-devel-linux-x86_64-debian-gcc 1.0.1 12.32 116.02 128.34 NOTE
r-devel-linux-x86_64-fedora-clang 1.0.1 206.00 NOTE
r-devel-linux-x86_64-fedora-gcc 1.0.1 195.80 NOTE
r-devel-windows-x86_64 1.0.1 18.00 120.00 138.00 NOTE
r-devel-windows-x86_64-gcc10-UCRT 1.0.1 NOTE
r-patched-linux-x86_64 1.0.1 17.88 143.92 161.80 NOTE
r-patched-solaris-x86 1.0.1 286.40 NOTE
r-release-linux-x86_64 1.0.1 14.97 144.69 159.66 NOTE
r-release-macos-arm64 1.0.1 NOTE
r-release-macos-x86_64 1.0.1 NOTE
r-release-windows-ix86+x86_64 1.0.1 36.00 119.00 155.00 NOTE
r-oldrel-macos-x86_64 1.0.1 NOTE
r-oldrel-windows-ix86+x86_64 1.0.1 25.00 124.00 149.00 NOTE

Check Details

Version: 1.0.1
Check: dependencies in R code
Result: NOTE
    'library' or 'require' calls in package code:
     'adegenet' 'geosphere'
     Please use :: or requireNamespace() instead.
     See section 'Suggested packages' in the 'Writing R Extensions' manual.
Flavors: r-devel-linux-x86_64-debian-clang, r-devel-linux-x86_64-debian-gcc, r-devel-linux-x86_64-fedora-clang, r-devel-linux-x86_64-fedora-gcc, r-devel-windows-x86_64, r-devel-windows-x86_64-gcc10-UCRT, r-patched-linux-x86_64, r-patched-solaris-x86, r-release-linux-x86_64, r-release-macos-arm64, r-release-macos-x86_64, r-release-windows-ix86+x86_64, r-oldrel-macos-x86_64, r-oldrel-windows-ix86+x86_64

Version: 1.0.1
Check: R code for possible problems
Result: NOTE
    codomToPropShared: no visible global function definition for
     'df2genind'
    codomToPropShared: no visible global function definition for
     'propShared'
    mgLandscape: no visible global function definition for 'SpatialPoints'
    mgQuick: no visible global function definition for 'distm'
    mgQuick: no visible binding for global variable 'distMeeus'
    Undefined global functions or variables:
     SpatialPoints df2genind distMeeus distm propShared
Flavors: r-devel-linux-x86_64-debian-clang, r-devel-linux-x86_64-debian-gcc, r-devel-linux-x86_64-fedora-clang, r-devel-linux-x86_64-fedora-gcc, r-devel-windows-x86_64, r-devel-windows-x86_64-gcc10-UCRT, r-patched-linux-x86_64, r-patched-solaris-x86, r-release-linux-x86_64, r-release-macos-arm64, r-release-macos-x86_64, r-release-windows-ix86+x86_64, r-oldrel-macos-x86_64, r-oldrel-windows-ix86+x86_64