CRAN Package Check Results for Package memisc

Last updated on 2021-06-18 05:48:50 CEST.

Flavor Version Tinstall Tcheck Ttotal Status Flags
r-devel-linux-x86_64-debian-clang 0.99.27.3 36.60 175.07 211.67 OK
r-devel-linux-x86_64-debian-gcc 0.99.27.3 28.67 125.73 154.40 OK
r-devel-linux-x86_64-fedora-clang 0.99.27.3 255.05 NOTE
r-devel-linux-x86_64-fedora-gcc 0.99.27.3 248.06 OK
r-devel-windows-x86_64 0.99.27.3 54.00 207.00 261.00 NOTE
r-devel-windows-x86_64-gcc10-UCRT 0.99.27.3 OK
r-patched-linux-x86_64 0.99.27.3 29.69 165.79 195.48 OK
r-patched-solaris-x86 0.99.27.3 294.00 NOTE
r-release-linux-x86_64 0.99.27.3 33.96 169.93 203.89 OK
r-release-macos-arm64 0.99.27.3 NOTE
r-release-macos-x86_64 0.99.27.3 NOTE
r-release-windows-ix86+x86_64 0.99.27.3 70.00 239.00 309.00 NOTE
r-oldrel-macos-x86_64 0.99.27.3 NOTE
r-oldrel-windows-ix86+x86_64 0.99.27.3 50.00 243.00 293.00 NOTE

Check Details

Version: 0.99.27.3
Check: installed package size
Result: NOTE
     installed size is 5.4Mb
     sub-directories of 1Mb or more:
     R 1.3Mb
     doc 3.1Mb
Flavors: r-devel-linux-x86_64-fedora-clang, r-devel-windows-x86_64, r-patched-solaris-x86, r-release-macos-arm64, r-release-macos-x86_64, r-release-windows-ix86+x86_64, r-oldrel-macos-x86_64, r-oldrel-windows-ix86+x86_64