CRAN Package Check Results for Package memisc

Last updated on 2019-05-23 05:49:06 CEST.

Flavor Version Tinstall Tcheck Ttotal Status Flags
r-devel-linux-x86_64-debian-clang 0.99.17.2 26.89 134.88 161.77 OK
r-devel-linux-x86_64-debian-gcc 0.99.17.2 22.29 104.10 126.39 OK
r-devel-linux-x86_64-fedora-clang 0.99.17.2 190.67 NOTE
r-devel-linux-x86_64-fedora-gcc 0.99.17.2 183.81 OK
r-devel-windows-ix86+x86_64 0.99.17.2 44.00 223.00 267.00 NOTE
r-patched-linux-x86_64 0.99.17.2 27.20 133.71 160.91 OK
r-patched-solaris-x86 0.99.17.2 235.80 NOTE
r-release-linux-x86_64 0.99.17.2 26.29 133.21 159.50 OK
r-release-windows-ix86+x86_64 0.99.17.2 67.00 226.00 293.00 NOTE
r-release-osx-x86_64 0.99.17.2 NOTE
r-oldrel-windows-ix86+x86_64 0.99.17.2 39.00 140.00 179.00 NOTE
r-oldrel-osx-x86_64 0.99.17.2 NOTE

Check Details

Version: 0.99.17.2
Check: installed package size
Result: NOTE
     installed size is 5.4Mb
     sub-directories of 1Mb or more:
     R 1.1Mb
     doc 3.5Mb
Flavors: r-devel-linux-x86_64-fedora-clang, r-devel-windows-ix86+x86_64, r-patched-solaris-x86, r-release-windows-ix86+x86_64, r-release-osx-x86_64, r-oldrel-windows-ix86+x86_64, r-oldrel-osx-x86_64