CRAN Package Check Results for Package memisc

Last updated on 2019-10-15 05:47:50 CEST.

Flavor Version Tinstall Tcheck Ttotal Status Flags
r-devel-linux-x86_64-debian-clang 0.99.17.2 26.59 137.18 163.77 WARN
r-devel-linux-x86_64-debian-gcc 0.99.17.2 23.07 105.15 128.22 WARN
r-devel-linux-x86_64-fedora-clang 0.99.17.2 196.27 NOTE
r-devel-linux-x86_64-fedora-gcc 0.99.17.2 194.71 WARN
r-devel-windows-ix86+x86_64 0.99.17.2 53.00 251.00 304.00 NOTE
r-patched-linux-x86_64 0.99.17.2 26.24 132.58 158.82 OK
r-patched-solaris-x86 0.99.17.2 224.90 NOTE
r-release-linux-x86_64 0.99.17.2 24.57 134.40 158.97 OK
r-release-windows-ix86+x86_64 0.99.17.2 74.00 165.00 239.00 NOTE
r-release-osx-x86_64 0.99.17.2 NOTE
r-oldrel-windows-ix86+x86_64 0.99.17.2 37.00 143.00 180.00 NOTE
r-oldrel-osx-x86_64 0.99.17.2 NOTE

Check Details

Version: 0.99.17.2
Check: whether package can be installed
Result: WARN
    Found the following significant warnings:
     dta-for-R.c:195:3: warning: ignoring return value of function declared with 'warn_unused_result' attribute [-Wunused-result]
     dta-for-R.c:212:3: warning: ignoring return value of function declared with 'warn_unused_result' attribute [-Wunused-result]
     dta-for-R.c:214:3: warning: ignoring return value of function declared with 'warn_unused_result' attribute [-Wunused-result]
     pspp-portableStream-for-R.c:323:7: warning: ignoring return value of function declared with 'warn_unused_result' attribute [-Wunused-result]
Flavor: r-devel-linux-x86_64-debian-clang

Version: 0.99.17.2
Check: whether package can be installed
Result: WARN
    Found the following significant warnings:
     dta-for-R.c:195:3: warning: ignoring return value of ‘fread’, declared with attribute warn_unused_result [-Wunused-result]
     dta-for-R.c:212:3: warning: ignoring return value of ‘fread’, declared with attribute warn_unused_result [-Wunused-result]
     dta-for-R.c:214:3: warning: ignoring return value of ‘fread’, declared with attribute warn_unused_result [-Wunused-result]
     pspp-portableStream-for-R.c:323:7: warning: ignoring return value of ‘fread’, declared with attribute warn_unused_result [-Wunused-result]
Flavors: r-devel-linux-x86_64-debian-gcc, r-devel-linux-x86_64-fedora-gcc

Version: 0.99.17.2
Check: installed package size
Result: NOTE
     installed size is 5.4Mb
     sub-directories of 1Mb or more:
     R 1.1Mb
     doc 3.5Mb
Flavors: r-devel-linux-x86_64-fedora-clang, r-devel-windows-ix86+x86_64, r-patched-solaris-x86, r-release-windows-ix86+x86_64, r-release-osx-x86_64, r-oldrel-windows-ix86+x86_64, r-oldrel-osx-x86_64