CRAN Package Check Results for Package metR

Last updated on 2022-12-04 05:51:35 CET.

Flavor Version Tinstall Tcheck Ttotal Status Flags
r-devel-linux-x86_64-debian-clang 0.13.0 17.33 423.61 440.94 OK
r-devel-linux-x86_64-debian-gcc 0.13.0 14.93 294.91 309.84 OK
r-devel-linux-x86_64-fedora-clang 0.13.0 444.70 NOTE
r-devel-linux-x86_64-fedora-gcc 0.13.0 472.47 OK
r-devel-windows-x86_64 0.13.0 130.00 384.00 514.00 OK
r-patched-linux-x86_64 0.13.0 21.43 356.62 378.05 OK
r-release-linux-x86_64 0.13.0 16.38 347.10 363.48 OK
r-release-macos-arm64 0.13.0 110.00 OK
r-release-macos-x86_64 0.13.0 152.00 OK
r-release-windows-x86_64 0.13.0 167.00 415.00 582.00 OK
r-oldrel-macos-arm64 0.13.0 99.00 OK
r-oldrel-macos-x86_64 0.13.0 148.00 OK
r-oldrel-windows-ix86+x86_64 0.13.0 32.00 408.00 440.00 OK

Check Details

Version: 0.13.0
Check: Rd cross-references
Result: NOTE
    Undeclared package ‘rlang’ in Rd xrefs
Flavor: r-devel-linux-x86_64-fedora-clang