Last updated on 2023-10-01 06:53:12 CEST.
Flavor | Version | Tinstall | Tcheck | Ttotal | Status | Flags |
---|---|---|---|---|---|---|
r-devel-linux-x86_64-debian-clang | 0.14.0 | 18.88 | 401.79 | 420.67 | OK | |
r-devel-linux-x86_64-debian-gcc | 0.14.0 | 14.47 | 288.97 | 303.44 | OK | |
r-devel-linux-x86_64-fedora-clang | 0.14.0 | 444.40 | NOTE | |||
r-devel-linux-x86_64-fedora-gcc | 0.14.0 | 458.42 | OK | |||
r-devel-windows-x86_64 | 0.14.0 | 18.00 | 277.00 | 295.00 | OK | |
r-patched-linux-x86_64 | 0.14.0 | 23.21 | 345.39 | 368.60 | OK | |
r-release-linux-x86_64 | 0.14.0 | 18.75 | 347.38 | 366.13 | OK | |
r-release-macos-arm64 | 0.14.0 | 126.00 | OK | |||
r-release-macos-x86_64 | 0.14.0 | 218.00 | OK | |||
r-release-windows-x86_64 | 0.14.0 | 23.00 | 350.00 | 373.00 | OK | |
r-oldrel-macos-arm64 | 0.14.0 | 100.00 | OK | |||
r-oldrel-macos-x86_64 | 0.14.0 | 158.00 | OK | |||
r-oldrel-windows-x86_64 | 0.14.0 | 23.00 | 338.00 | 361.00 | OK |
Version: 0.14.0
Check: Rd cross-references
Result: NOTE
Undeclared package ‘rlang’ in Rd xrefs
Flavor: r-devel-linux-x86_64-fedora-clang