CRAN Package Check Results for Package metaEnsembleR

Last updated on 2021-10-22 05:59:51 CEST.

Flavor Version Tinstall Tcheck Ttotal Status Flags
r-devel-linux-x86_64-debian-clang 0.1.0 2.42 27.71 30.13 OK
r-devel-linux-x86_64-debian-gcc 0.1.0 1.86 21.57 23.43 OK
r-devel-linux-x86_64-fedora-clang 0.1.0 47.91 NOTE
r-devel-linux-x86_64-fedora-gcc 0.1.0 37.55 NOTE
r-devel-windows-x86_64 0.1.0 6.00 47.00 53.00 OK
r-devel-windows-x86_64-gcc10-UCRT 0.1.0 NOTE
r-patched-linux-x86_64 0.1.0 2.10 27.29 29.39 OK
r-patched-solaris-x86 0.1.0 58.70 NOTE
r-release-linux-x86_64 0.1.0 2.32 26.78 29.10 OK
r-release-macos-arm64 0.1.0 NOTE
r-release-macos-x86_64 0.1.0 NOTE
r-release-windows-ix86+x86_64 0.1.0 7.00 49.00 56.00 OK
r-oldrel-macos-x86_64 0.1.0 NOTE
r-oldrel-windows-ix86+x86_64 0.1.0 7.00 45.00 52.00 OK

Check Details

Version: 0.1.0
Check: dependencies in R code
Result: NOTE
    Namespaces in Imports field not imported from:
     ‘e1071’ ‘gbm’ ‘ggplot2’ ‘graphics’ ‘randomForest’
     All declared Imports should be used.
Flavors: r-devel-linux-x86_64-fedora-clang, r-devel-linux-x86_64-fedora-gcc, r-devel-windows-x86_64-gcc10-UCRT, r-patched-solaris-x86, r-release-macos-arm64, r-release-macos-x86_64, r-oldrel-macos-x86_64