CRAN Package Check Results for Package metaboGSE

Last updated on 2019-10-23 05:46:32 CEST.

Flavor Version Tinstall Tcheck Ttotal Status Flags
r-devel-linux-x86_64-debian-clang 1.2.1 51.21 402.00 453.21 NOTE
r-devel-linux-x86_64-debian-gcc 1.2.1 49.37 311.00 360.37 NOTE
r-devel-linux-x86_64-fedora-clang 1.2.1 547.59 NOTE
r-devel-linux-x86_64-fedora-gcc 1.2.1 539.70 NOTE
r-devel-windows-ix86+x86_64 1.2.1 78.00 503.00 581.00 NOTE
r-patched-linux-x86_64 1.2.1 48.91 388.73 437.64 OK
r-patched-solaris-x86 1.2.1 708.00 NOTE
r-release-linux-x86_64 1.2.1 49.41 383.11 432.52 OK
r-release-windows-ix86+x86_64 1.2.1 108.00 379.00 487.00 NOTE
r-release-osx-x86_64 1.2.1 ERROR
r-oldrel-windows-ix86+x86_64 1.2.1 77.00 525.00 602.00 NOTE
r-oldrel-osx-x86_64 1.2.1 NOTE

Check Details

Version: 1.2.1
Check: for non-standard things in the check directory
Result: NOTE
    Found the following files/directories:
     'DN_random.pdf' 'DN_smooth.pdf' 'sub_GSE.pdf'
Flavors: r-devel-linux-x86_64-debian-clang, r-devel-linux-x86_64-debian-gcc, r-devel-linux-x86_64-fedora-clang, r-devel-linux-x86_64-fedora-gcc

Version: 1.2.1
Check: installed package size
Result: NOTE
     installed size is 6.6Mb
     sub-directories of 1Mb or more:
     data 6.1Mb
Flavors: r-devel-linux-x86_64-fedora-clang, r-devel-windows-ix86+x86_64, r-patched-solaris-x86, r-release-windows-ix86+x86_64, r-oldrel-windows-ix86+x86_64, r-oldrel-osx-x86_64

Version: 1.2.1
Check: package dependencies
Result: NOTE
    Packages suggested but not available for checking: 'clpAPI', 'ctc'
Flavor: r-release-osx-x86_64

Version: 1.2.1
Check: whether package can be installed
Result: ERROR
    Installation failed.
Flavor: r-release-osx-x86_64

Version: 1.2.1
Check: package dependencies
Result: NOTE
    Packages suggested but not available for checking: ‘clpAPI’ ‘ctc’
Flavor: r-oldrel-osx-x86_64