CRAN Package Check Results for Package metaboGSE

Last updated on 2020-05-30 05:48:09 CEST.

Flavor Version Tinstall Tcheck Ttotal Status Flags
r-devel-linux-x86_64-debian-clang 1.2.4 28.43 400.17 428.60 OK
r-devel-linux-x86_64-debian-gcc 1.2.4 26.12 297.94 324.06 OK
r-devel-linux-x86_64-fedora-clang 1.2.4 516.69 OK
r-devel-linux-x86_64-fedora-gcc 1.2.4 421.26 OK
r-devel-windows-ix86+x86_64 1.2.4 61.00 464.00 525.00 NOTE
r-patched-linux-x86_64 1.2.4 30.59 381.77 412.36 OK
r-patched-solaris-x86 1.2.4 650.40 OK
r-release-linux-x86_64 1.2.4 28.07 383.04 411.11 OK
r-release-osx-x86_64 1.2.4 NOTE
r-release-windows-ix86+x86_64 1.2.4 51.00 517.00 568.00 NOTE
r-oldrel-osx-x86_64 1.2.4 ERROR
r-oldrel-windows-ix86+x86_64 1.2.4 50.00 364.00 414.00 NOTE

Check Details

Version: 1.2.4
Check: package dependencies
Result: NOTE
    Package suggested but not available for checking: 'unix'
Flavors: r-devel-windows-ix86+x86_64, r-release-windows-ix86+x86_64, r-oldrel-windows-ix86+x86_64

Version: 1.2.4
Check: package dependencies
Result: NOTE
    Package suggested but not available for checking: ‘KEGGREST’
Flavor: r-release-osx-x86_64

Version: 1.2.4
Check: examples
Result: ERROR
    Running examples in ‘metaboGSE-Ex.R’ failed
    The error most likely occurred in:
    
    > ### Name: metaboGSE
    > ### Title: Gene set enrichment analysis
    > ### Aliases: metaboGSE
    >
    > ### ** Examples
    >
    > data(yarliSubmnets)
    > metaboGSE(yarliSubmnets[c('SH','SN')], gene.sets = "GO:0006696",
    + method="perm", nperm=10, nrand=10)
    Error in loadNamespace(name) : there is no package called ‘GO.db’
    Calls: metaboGSE ... loadNamespace -> withRestarts -> withOneRestart -> doWithOneRestart
    Execution halted
Flavor: r-oldrel-osx-x86_64