Last updated on 2023-01-27 05:53:07 CET.
Flavor | Version | Tinstall | Tcheck | Ttotal | Status | Flags |
---|---|---|---|---|---|---|
r-devel-linux-x86_64-debian-clang | 0.3.0 | 3.83 | 39.59 | 43.42 | OK | |
r-devel-linux-x86_64-debian-gcc | 0.3.0 | 2.33 | 29.60 | 31.93 | OK | |
r-devel-linux-x86_64-fedora-clang | 0.3.0 | 52.14 | NOTE | |||
r-devel-linux-x86_64-fedora-gcc | 0.3.0 | 54.51 | NOTE | |||
r-patched-linux-x86_64 | 0.3.0 | 3.72 | 38.27 | 41.99 | OK | |
r-release-linux-x86_64 | 0.3.0 | 3.36 | 37.81 | 41.17 | OK | |
r-release-macos-arm64 | 0.3.0 | 22.00 | NOTE | |||
r-release-macos-x86_64 | 0.3.0 | 29.00 | NOTE | |||
r-release-windows-x86_64 | 0.3.0 | 20.00 | 67.00 | 87.00 | OK | |
r-oldrel-macos-arm64 | 0.3.0 | 23.00 | NOTE | |||
r-oldrel-macos-x86_64 | 0.3.0 | 29.00 | NOTE | |||
r-oldrel-windows-ix86+x86_64 | 0.3.0 | 10.00 | 62.00 | 72.00 | OK |
Version: 0.3.0
Check: dependencies in R code
Result: NOTE
Namespace in Imports field not imported from: ‘progress’
All declared Imports should be used.
Flavors: r-devel-linux-x86_64-fedora-clang, r-devel-linux-x86_64-fedora-gcc, r-release-macos-arm64, r-release-macos-x86_64, r-oldrel-macos-arm64, r-oldrel-macos-x86_64