CRAN Package Check Results for Package metamicrobiomeR

Last updated on 2021-11-30 05:53:24 CET.

Flavor Version Tinstall Tcheck Ttotal Status Flags
r-devel-linux-x86_64-debian-clang 1.2 13.61 182.28 195.89 OK
r-devel-linux-x86_64-debian-gcc 1.2 11.66 133.94 145.60 OK
r-devel-linux-x86_64-fedora-clang 1.2 244.08 NOTE
r-devel-linux-x86_64-fedora-gcc 1.2 228.53 NOTE
r-devel-windows-x86_64-new-UL 1.2 28.00 232.00 260.00 OK
r-devel-windows-x86_64-new-TK 1.2 NOTE
r-devel-windows-x86_64-old 1.2 22.00 154.00 176.00 OK
r-patched-linux-x86_64 1.2 11.13 169.75 180.88 OK
r-patched-solaris-x86 1.2 254.30 NOTE
r-release-linux-x86_64 1.2 9.10 170.38 179.48 OK
r-release-macos-arm64 1.2 NOTE
r-release-macos-x86_64 1.2 NOTE
r-release-windows-ix86+x86_64 1.2 31.00 166.00 197.00 OK
r-oldrel-macos-x86_64 1.2 NOTE
r-oldrel-windows-ix86+x86_64 1.2 23.00 150.00 173.00 OK

Check Details

Version: 1.2
Check: dependencies in R code
Result: NOTE
    Namespace in Imports field not imported from: ‘lmerTest’
     All declared Imports should be used.
Flavors: r-devel-linux-x86_64-fedora-clang, r-devel-linux-x86_64-fedora-gcc, r-devel-windows-x86_64-new-TK, r-patched-solaris-x86, r-release-macos-arm64, r-release-macos-x86_64, r-oldrel-macos-x86_64