CRAN Package Check Results for Package metapower

Last updated on 2022-01-21 05:52:14 CET.

Flavor Version Tinstall Tcheck Ttotal Status Flags
r-devel-linux-x86_64-debian-clang 0.2.2 NOTE
r-devel-linux-x86_64-debian-gcc 0.2.2 5.04 61.36 66.40 NOTE
r-devel-linux-x86_64-fedora-clang 0.2.2 108.15 NOTE
r-devel-linux-x86_64-fedora-gcc 0.2.2 93.18 NOTE
r-devel-windows-x86_64-new-UL 0.2.2 53.00 108.00 161.00 NOTE
r-devel-windows-x86_64-new-TK 0.2.2 NOTE
r-patched-linux-x86_64 0.2.2 6.76 75.07 81.83 NOTE
r-release-linux-x86_64 0.2.2 6.46 77.69 84.15 NOTE
r-release-macos-arm64 0.2.2 NOTE
r-release-macos-x86_64 0.2.2 NOTE
r-release-windows-ix86+x86_64 0.2.2 16.00 85.00 101.00 NOTE
r-oldrel-macos-x86_64 0.2.2 OK
r-oldrel-windows-ix86+x86_64 0.2.2 16.00 117.00 133.00 OK

Check Details

Version: 0.2.2
Check: LazyData
Result: NOTE
     'LazyData' is specified without a 'data' directory
Flavors: r-devel-linux-x86_64-debian-clang, r-devel-linux-x86_64-debian-gcc, r-devel-linux-x86_64-fedora-clang, r-devel-linux-x86_64-fedora-gcc, r-devel-windows-x86_64-new-UL, r-devel-windows-x86_64-new-TK, r-patched-linux-x86_64, r-release-linux-x86_64, r-release-macos-arm64, r-release-macos-x86_64, r-release-windows-ix86+x86_64