CRAN Package Check Results for Package meteogRam

Last updated on 2019-08-19 05:46:28 CEST.

Flavor Version Tinstall Tcheck Ttotal Status Flags
r-devel-linux-x86_64-debian-clang 1.0 3.48 34.40 37.88 NOTE
r-devel-linux-x86_64-debian-gcc 1.0 3.01 27.64 30.65 NOTE
r-devel-linux-x86_64-fedora-clang 1.0 45.84 NOTE
r-devel-linux-x86_64-fedora-gcc 1.0 43.79 NOTE
r-devel-windows-ix86+x86_64 1.0 12.00 70.00 82.00 NOTE
r-patched-linux-x86_64 1.0 3.32 33.50 36.82 NOTE
r-patched-solaris-x86 1.0 71.30 NOTE
r-release-linux-x86_64 1.0 2.87 33.74 36.61 NOTE
r-release-windows-ix86+x86_64 1.0 9.00 44.00 53.00 NOTE
r-release-osx-x86_64 1.0 NOTE
r-oldrel-windows-ix86+x86_64 1.0 9.00 70.00 79.00 NOTE
r-oldrel-osx-x86_64 1.0 NOTE

Check Details

Version: 1.0
Check: R code for possible problems
Result: NOTE
    crosssection: no visible global function definition for
     'colorRampPalette'
    crosssection: no visible global function definition for
     'filled.contour'
    crosssection: no visible global function definition for 'axis'
    crosssection: no visible global function definition for 'par'
    crosssection: no visible global function definition for 'contour'
    temperatures: no visible binding for global variable 'time'
    Undefined global functions or variables:
     axis colorRampPalette contour filled.contour par time
    Consider adding
     importFrom("grDevices", "colorRampPalette")
     importFrom("graphics", "axis", "contour", "filled.contour", "par")
     importFrom("stats", "time")
    to your NAMESPACE file.
Flavors: r-devel-linux-x86_64-debian-clang, r-devel-linux-x86_64-debian-gcc, r-devel-linux-x86_64-fedora-clang, r-devel-linux-x86_64-fedora-gcc, r-devel-windows-ix86+x86_64, r-patched-linux-x86_64, r-patched-solaris-x86, r-release-linux-x86_64, r-release-windows-ix86+x86_64, r-release-osx-x86_64, r-oldrel-windows-ix86+x86_64, r-oldrel-osx-x86_64