CRAN Package Check Results for Package meteogRam

Last updated on 2019-12-15 05:47:44 CET.

Flavor Version Tinstall Tcheck Ttotal Status Flags
r-devel-linux-x86_64-debian-clang 1.0 3.25 36.62 39.87 NOTE
r-devel-linux-x86_64-debian-gcc 1.0 2.80 28.65 31.45 NOTE
r-devel-linux-x86_64-fedora-clang 1.0 47.62 NOTE
r-devel-linux-x86_64-fedora-gcc 1.0 46.57 NOTE
r-devel-windows-ix86+x86_64 1.0 9.00 65.00 74.00 NOTE
r-devel-windows-ix86+x86_64-gcc8 1.0 13.00 73.00 86.00 NOTE
r-patched-linux-x86_64 1.0 2.50 33.73 36.23 NOTE
r-patched-solaris-x86 1.0 70.50 NOTE
r-release-linux-x86_64 1.0 2.68 33.86 36.54 NOTE
r-release-windows-ix86+x86_64 1.0 9.00 45.00 54.00 NOTE
r-release-osx-x86_64 1.0 NOTE
r-oldrel-windows-ix86+x86_64 1.0 6.00 45.00 51.00 NOTE
r-oldrel-osx-x86_64 1.0 NOTE

Check Details

Version: 1.0
Check: R code for possible problems
Result: NOTE
    crosssection: no visible global function definition for
     'colorRampPalette'
    crosssection: no visible global function definition for
     'filled.contour'
    crosssection: no visible global function definition for 'axis'
    crosssection: no visible global function definition for 'par'
    crosssection: no visible global function definition for 'contour'
    temperatures: no visible binding for global variable 'time'
    Undefined global functions or variables:
     axis colorRampPalette contour filled.contour par time
    Consider adding
     importFrom("grDevices", "colorRampPalette")
     importFrom("graphics", "axis", "contour", "filled.contour", "par")
     importFrom("stats", "time")
    to your NAMESPACE file.
Flavors: r-devel-linux-x86_64-debian-clang, r-devel-linux-x86_64-debian-gcc, r-devel-linux-x86_64-fedora-clang, r-devel-linux-x86_64-fedora-gcc, r-devel-windows-ix86+x86_64, r-devel-windows-ix86+x86_64-gcc8, r-patched-linux-x86_64, r-patched-solaris-x86, r-release-linux-x86_64, r-release-windows-ix86+x86_64, r-release-osx-x86_64, r-oldrel-windows-ix86+x86_64, r-oldrel-osx-x86_64