Last updated on 2021-01-18 05:47:31 CET.
Flavor | Version | Tinstall | Tcheck | Ttotal | Status | Flags |
---|---|---|---|---|---|---|
r-devel-linux-x86_64-debian-clang | 0.1.1 | 54.91 | 423.86 | 478.77 | OK | |
r-devel-linux-x86_64-debian-gcc | 0.1.1 | 37.65 | 245.88 | 283.53 | OK | |
r-devel-linux-x86_64-fedora-clang | 0.1.1 | 342.10 | NOTE | |||
r-devel-linux-x86_64-fedora-gcc | 0.1.1 | 335.61 | OK | |||
r-devel-windows-ix86+x86_64 | 0.1.1 | 93.00 | 268.00 | 361.00 | NOTE | |
r-patched-linux-x86_64 | 0.1.1 | 47.60 | 235.48 | 283.08 | OK | |
r-patched-solaris-x86 | 0.1.1 | 431.60 | NOTE | |||
r-release-linux-x86_64 | 0.1.1 | 43.95 | 236.26 | 280.21 | OK | |
r-release-macos-x86_64 | 0.1.1 | NOTE | ||||
r-release-windows-ix86+x86_64 | 0.1.1 | 126.00 | 293.00 | 419.00 | NOTE | |
r-oldrel-macos-x86_64 | 0.1.1 | NOTE | ||||
r-oldrel-windows-ix86+x86_64 | 0.1.1 | 106.00 | 321.00 | 427.00 | NOTE |
Version: 0.1.1
Check: installed package size
Result: NOTE
installed size is 7.1Mb
sub-directories of 1Mb or more:
doc 2.3Mb
help 2.0Mb
libs 2.5Mb
Flavors: r-devel-linux-x86_64-fedora-clang, r-devel-windows-ix86+x86_64, r-patched-solaris-x86, r-release-macos-x86_64, r-release-windows-ix86+x86_64, r-oldrel-macos-x86_64, r-oldrel-windows-ix86+x86_64