CRAN Package Check Results for Package metsyn

Last updated on 2024-06-21 06:58:17 CEST.

Flavor Version Tinstall Tcheck Ttotal Status Flags
r-devel-linux-x86_64-debian-clang 0.1.2 5.19 38.84 44.03 NOTE
r-devel-linux-x86_64-debian-gcc 0.1.2 3.90 29.90 33.80 NOTE
r-devel-linux-x86_64-fedora-clang 0.1.2 55.84 NOTE
r-devel-linux-x86_64-fedora-gcc 0.1.2 51.23 NOTE
r-devel-windows-x86_64 0.1.2 7.00 49.00 56.00 NOTE
r-patched-linux-x86_64 0.1.2 3.62 36.79 40.41 NOTE
r-release-linux-x86_64 0.1.2 2.85 37.64 40.49 NOTE
r-release-macos-arm64 0.1.2 21.00 NOTE
r-release-macos-x86_64 0.1.2 33.00 NOTE
r-release-windows-x86_64 0.1.2 5.00 50.00 55.00 NOTE
r-oldrel-macos-arm64 0.1.2 21.00 NOTE
r-oldrel-macos-x86_64 0.1.2 29.00 NOTE
r-oldrel-windows-x86_64 0.1.2 6.00 56.00 62.00 NOTE

Check Details

Version: 0.1.2
Check: LazyData
Result: NOTE 'LazyData' is specified without a 'data' directory Flavors: r-devel-linux-x86_64-debian-clang, r-devel-linux-x86_64-debian-gcc, r-devel-linux-x86_64-fedora-clang, r-devel-linux-x86_64-fedora-gcc, r-devel-windows-x86_64, r-patched-linux-x86_64, r-release-linux-x86_64, r-release-macos-arm64, r-release-macos-x86_64, r-release-windows-x86_64, r-oldrel-macos-arm64, r-oldrel-macos-x86_64, r-oldrel-windows-x86_64