CRAN Package Check Results for Package mfbvar

Last updated on 2021-01-18 05:47:32 CET.

Flavor Version Tinstall Tcheck Ttotal Status Flags
r-devel-linux-x86_64-debian-clang 0.5.4 546.95 138.21 685.16 NOTE
r-devel-linux-x86_64-debian-gcc 0.5.4 359.17 97.47 456.64 NOTE
r-devel-linux-x86_64-fedora-clang 0.5.4 954.88 NOTE
r-devel-linux-x86_64-fedora-gcc 0.5.4 840.23 NOTE
r-devel-windows-ix86+x86_64 0.5.4 887.00 163.00 1050.00 NOTE
r-patched-linux-x86_64 0.5.4 424.26 117.65 541.91 NOTE
r-patched-solaris-x86 0.5.4 740.60 NOTE
r-release-linux-x86_64 0.5.4 421.99 116.92 538.91 NOTE
r-release-macos-x86_64 0.5.4 NOTE
r-release-windows-ix86+x86_64 0.5.4 987.00 160.00 1147.00 NOTE
r-oldrel-macos-x86_64 0.5.4 NOTE
r-oldrel-windows-ix86+x86_64 0.5.4 1045.00 187.00 1232.00 NOTE

Check Details

Version: 0.5.4
Check: for GNU extensions in Makefiles
Result: NOTE
    GNU make is a SystemRequirements.
Flavors: r-devel-linux-x86_64-debian-clang, r-devel-linux-x86_64-debian-gcc, r-devel-linux-x86_64-fedora-clang, r-devel-linux-x86_64-fedora-gcc, r-devel-windows-ix86+x86_64, r-patched-linux-x86_64, r-patched-solaris-x86, r-release-linux-x86_64, r-release-macos-x86_64, r-release-windows-ix86+x86_64, r-oldrel-macos-x86_64, r-oldrel-windows-ix86+x86_64

Version: 0.5.4
Check: installed package size
Result: NOTE
     installed size is 27.5Mb
     sub-directories of 1Mb or more:
     libs 26.6Mb
Flavors: r-devel-linux-x86_64-fedora-clang, r-devel-windows-ix86+x86_64, r-release-macos-x86_64, r-release-windows-ix86+x86_64, r-oldrel-macos-x86_64, r-oldrel-windows-ix86+x86_64