CRAN Package Check Results for Package mgarchBEKK

Last updated on 2020-07-06 04:47:43 CEST.

Flavor Version Tinstall Tcheck Ttotal Status Flags
r-devel-linux-x86_64-debian-clang 0.0.2 5.16 36.33 41.49 OK
r-devel-linux-x86_64-debian-gcc 0.0.2 4.12 28.04 32.16 OK
r-devel-linux-x86_64-fedora-clang 0.0.2 57.40 NOTE
r-devel-linux-x86_64-fedora-gcc 0.0.2 49.78 NOTE
r-devel-windows-ix86+x86_64 0.0.2 20.00 61.00 81.00 OK
r-patched-linux-x86_64 0.0.2 5.21 34.95 40.16 OK
r-patched-solaris-x86 0.0.2 83.30 OK
r-release-linux-x86_64 0.0.2 5.45 34.88 40.33 OK
r-release-osx-x86_64 0.0.2 OK
r-release-windows-ix86+x86_64 0.0.2 14.00 112.00 126.00 OK
r-oldrel-osx-x86_64 0.0.2 OK
r-oldrel-windows-ix86+x86_64 0.0.2 27.00 106.00 133.00 OK

Check Details

Version: 0.0.2
Check: compiled code
Result: NOTE
    File ‘mgarchBEKK/libs/mgarchBEKK.so’:
     Found no calls to: ‘R_registerRoutines’, ‘R_useDynamicSymbols’
    
    It is good practice to register native routines and to disable symbol
    search.
    
    See ‘Writing portable packages’ in the ‘Writing R Extensions’ manual.
Flavors: r-devel-linux-x86_64-fedora-clang, r-devel-linux-x86_64-fedora-gcc