Last updated on 2023-10-01 06:53:12 CEST.
Flavor | Version | Tinstall | Tcheck | Ttotal | Status | Flags |
---|---|---|---|---|---|---|
r-devel-linux-x86_64-debian-clang | 2.0.2 | 28.46 | 520.42 | 548.88 | NOTE | |
r-devel-linux-x86_64-debian-gcc | 2.0.2 | 29.21 | 363.65 | 392.86 | NOTE | |
r-devel-linux-x86_64-fedora-clang | 2.0.2 | 644.71 | NOTE | |||
r-devel-linux-x86_64-fedora-gcc | 2.0.2 | 642.49 | NOTE | |||
r-devel-windows-x86_64 | 2.0.2 | 28.00 | 363.00 | 391.00 | NOTE | |
r-patched-linux-x86_64 | 2.0.2 | 31.11 | 486.77 | 517.88 | NOTE | |
r-release-linux-x86_64 | 2.0.2 | 28.95 | 496.22 | 525.17 | NOTE | |
r-release-macos-arm64 | 2.0.2 | 176.00 | NOTE | |||
r-release-macos-x86_64 | 2.0.2 | 291.00 | NOTE | |||
r-release-windows-x86_64 | 2.0.2 | 38.00 | 456.00 | 494.00 | NOTE | |
r-oldrel-macos-arm64 | 2.0.2 | 118.00 | NOTE | |||
r-oldrel-macos-x86_64 | 2.0.2 | 168.00 | NOTE | |||
r-oldrel-windows-x86_64 | 2.0.2 | 37.00 | 419.00 | 456.00 | NOTE |
Version: 2.0.2
Check: LazyData
Result: NOTE
'LazyData' is specified without a 'data' directory
Flavors: r-devel-linux-x86_64-debian-clang, r-devel-linux-x86_64-debian-gcc, r-devel-linux-x86_64-fedora-clang, r-devel-linux-x86_64-fedora-gcc, r-devel-windows-x86_64, r-patched-linux-x86_64, r-release-linux-x86_64, r-release-macos-arm64, r-release-macos-x86_64, r-release-windows-x86_64, r-oldrel-macos-arm64, r-oldrel-macos-x86_64, r-oldrel-windows-x86_64
Version: 2.0.2
Check: dependencies in R code
Result: NOTE
Namespaces in Imports field not imported from:
‘boot’ ‘energy’
All declared Imports should be used.
Flavors: r-devel-linux-x86_64-fedora-clang, r-devel-linux-x86_64-fedora-gcc, r-oldrel-macos-arm64, r-oldrel-macos-x86_64