Last updated on 2023-02-09 05:54:15 CET.
Flavor | Version | Tinstall | Tcheck | Ttotal | Status | Flags |
---|---|---|---|---|---|---|
r-devel-linux-x86_64-debian-clang | 2.0.2 | 34.69 | 499.75 | 534.44 | NOTE | |
r-devel-linux-x86_64-debian-gcc | 2.0.2 | 25.02 | 349.74 | 374.76 | NOTE | |
r-devel-linux-x86_64-fedora-clang | 2.0.2 | 623.89 | NOTE | |||
r-devel-linux-x86_64-fedora-gcc | 2.0.2 | 621.01 | NOTE | |||
r-devel-windows-x86_64 | 2.0.2 | 70.00 | 473.00 | 543.00 | NOTE | |
r-patched-linux-x86_64 | 2.0.2 | 27.76 | 456.98 | 484.74 | NOTE | |
r-release-linux-x86_64 | 2.0.2 | 29.09 | 420.19 | 449.28 | NOTE | |
r-release-macos-arm64 | 2.0.2 | 118.00 | NOTE | |||
r-release-macos-x86_64 | 2.0.2 | 168.00 | NOTE | |||
r-release-windows-x86_64 | 2.0.2 | 48.00 | 524.00 | 572.00 | NOTE | |
r-oldrel-macos-arm64 | 2.0.2 | 117.00 | NOTE | |||
r-oldrel-macos-x86_64 | 2.0.2 | 163.00 | NOTE | |||
r-oldrel-windows-ix86+x86_64 | 2.0.2 | 68.00 | 673.00 | 741.00 | NOTE |
Version: 2.0.2
Check: LazyData
Result: NOTE
'LazyData' is specified without a 'data' directory
Flavors: r-devel-linux-x86_64-debian-clang, r-devel-linux-x86_64-debian-gcc, r-devel-linux-x86_64-fedora-clang, r-devel-linux-x86_64-fedora-gcc, r-devel-windows-x86_64, r-patched-linux-x86_64, r-release-linux-x86_64, r-release-macos-arm64, r-release-macos-x86_64, r-release-windows-x86_64, r-oldrel-macos-arm64, r-oldrel-macos-x86_64, r-oldrel-windows-ix86+x86_64
Version: 2.0.2
Check: dependencies in R code
Result: NOTE
Namespaces in Imports field not imported from:
‘boot’ ‘energy’
All declared Imports should be used.
Flavors: r-devel-linux-x86_64-fedora-clang, r-devel-linux-x86_64-fedora-gcc, r-release-macos-arm64, r-release-macos-x86_64, r-oldrel-macos-arm64, r-oldrel-macos-x86_64