Last updated on 2022-05-23 05:52:45 CEST.
Flavor | Version | Tinstall | Tcheck | Ttotal | Status | Flags |
---|---|---|---|---|---|---|
r-devel-linux-x86_64-debian-clang | 1.0 | 88.31 | 501.59 | 589.90 | OK | |
r-devel-linux-x86_64-debian-gcc | 1.0 | 73.27 | 370.82 | 444.09 | OK | |
r-devel-linux-x86_64-fedora-clang | 1.0 | 697.98 | NOTE | |||
r-devel-linux-x86_64-fedora-gcc | 1.0 | 679.88 | NOTE | |||
r-devel-windows-x86_64 | 1.0 | 103.00 | 513.00 | 616.00 | OK | |
r-patched-linux-x86_64 | 1.0 | 75.27 | 465.73 | 541.00 | OK | |
r-release-linux-x86_64 | 1.0 | OK | ||||
r-release-macos-arm64 | 1.0 | 162.00 | NOTE | |||
r-release-macos-x86_64 | 1.0 | 242.00 | NOTE | |||
r-release-windows-x86_64 | 1.0 | 86.00 | 512.00 | 598.00 | OK | |
r-oldrel-macos-arm64 | 1.0 | 167.00 | NOTE | |||
r-oldrel-macos-x86_64 | 1.0 | 219.00 | NOTE | |||
r-oldrel-windows-ix86+x86_64 | 1.0 | 180.00 | 472.00 | 652.00 | OK |
Version: 1.0
Check: installed package size
Result: NOTE
installed size is 18.6Mb
sub-directories of 1Mb or more:
doc 1.7Mb
libs 15.9Mb
Flavors: r-devel-linux-x86_64-fedora-clang, r-release-macos-arm64, r-release-macos-x86_64, r-oldrel-macos-arm64, r-oldrel-macos-x86_64
Version: 1.0
Check: dependencies in R code
Result: NOTE
Namespaces in Imports field not imported from:
‘knitr’ ‘qlcMatrix’
All declared Imports should be used.
Flavors: r-devel-linux-x86_64-fedora-clang, r-devel-linux-x86_64-fedora-gcc, r-release-macos-arm64, r-release-macos-x86_64, r-oldrel-macos-arm64, r-oldrel-macos-x86_64