CRAN Package Check Results for Package micEconSNQP

Last updated on 2022-01-26 05:54:21 CET.

Flavor Version Tinstall Tcheck Ttotal Status Flags
r-devel-linux-x86_64-debian-clang 0.6-8 10.56 90.33 100.89 OK
r-devel-linux-x86_64-debian-gcc 0.6-8 8.87 69.09 77.96 OK
r-devel-linux-x86_64-fedora-clang 0.6-8 119.26 OK
r-devel-linux-x86_64-fedora-gcc 0.6-8 110.93 OK
r-devel-windows-x86_64-new-UL 0.6-8 45.00 109.00 154.00 OK
r-devel-windows-x86_64-new-TK 0.6-8 ERROR
r-patched-linux-x86_64 0.6-8 9.09 83.61 92.70 OK
r-release-linux-x86_64 0.6-8 9.72 84.32 94.04 OK
r-release-macos-arm64 0.6-8 OK
r-release-macos-x86_64 0.6-8 OK
r-release-windows-ix86+x86_64 0.6-8 23.00 102.00 125.00 OK
r-oldrel-macos-x86_64 0.6-8 OK
r-oldrel-windows-ix86+x86_64 0.6-8 23.00 104.00 127.00 OK

Check Details

Version: 0.6-8
Check: package dependencies
Result: ERROR
    Package required but not available: 'systemfit'
    
    See section 'The DESCRIPTION file' in the 'Writing R Extensions'
    manual.
Flavor: r-devel-windows-x86_64-new-TK