CRAN Package Check Results for Package microdemic

Last updated on 2021-06-21 05:49:43 CEST.

Flavor Version Tinstall Tcheck Ttotal Status Flags
r-devel-linux-x86_64-debian-clang 0.6.0 2.21 23.40 25.61 NOTE
r-devel-linux-x86_64-debian-gcc 0.6.0 1.39 18.71 20.10 NOTE
r-devel-linux-x86_64-fedora-clang 0.6.0 41.47 NOTE
r-devel-linux-x86_64-fedora-gcc 0.6.0 30.38 NOTE
r-devel-windows-x86_64 0.6.0 4.00 31.00 35.00 NOTE
r-devel-windows-x86_64-gcc10-UCRT 0.6.0 ERROR
r-patched-linux-x86_64 0.6.0 2.34 23.14 25.48 NOTE
r-patched-solaris-x86 0.6.0 47.00 NOTE
r-release-linux-x86_64 0.6.0 2.15 23.18 25.33 NOTE
r-release-macos-arm64 0.6.0 NOTE
r-release-macos-x86_64 0.6.0 NOTE
r-release-windows-ix86+x86_64 0.6.0 5.00 38.00 43.00 NOTE
r-oldrel-macos-x86_64 0.6.0 OK

Check Details

Version: 0.6.0
Check: LazyData
Result: NOTE
     'LazyData' is specified without a 'data' directory
Flavors: r-devel-linux-x86_64-debian-clang, r-devel-linux-x86_64-debian-gcc, r-devel-linux-x86_64-fedora-clang, r-devel-linux-x86_64-fedora-gcc, r-devel-windows-x86_64, r-patched-linux-x86_64, r-patched-solaris-x86, r-release-linux-x86_64, r-release-macos-arm64, r-release-macos-x86_64, r-release-windows-ix86+x86_64

Version: 0.6.0
Check: package dependencies
Result: ERROR
    Package required but not available: 'crul'
    
    Package suggested but not available for checking: 'vcr'
    
    See section 'The DESCRIPTION file' in the 'Writing R Extensions'
    manual.
Flavor: r-devel-windows-x86_64-gcc10-UCRT