CRAN Package Check Results for Package mifa

Last updated on 2022-12-02 05:55:21 CET.

Flavor Version Tinstall Tcheck Ttotal Status Flags
r-devel-linux-x86_64-debian-clang 0.2.0 1.69 69.19 70.88 NOTE
r-devel-linux-x86_64-debian-gcc 0.2.0 1.31 52.80 54.11 NOTE
r-devel-linux-x86_64-fedora-clang 0.2.0 96.43 NOTE
r-devel-linux-x86_64-fedora-gcc 0.2.0 95.02 NOTE
r-devel-windows-x86_64 0.2.0 9.00 100.00 109.00 NOTE
r-patched-linux-x86_64 0.2.0 9.80 66.23 76.03 NOTE
r-release-linux-x86_64 0.2.0 2.77 66.34 69.11 NOTE
r-release-macos-arm64 0.2.0 37.00 NOTE
r-release-macos-x86_64 0.2.0 54.00 NOTE
r-release-windows-x86_64 0.2.0 13.00 104.00 117.00 NOTE
r-oldrel-macos-arm64 0.2.0 41.00 NOTE
r-oldrel-macos-x86_64 0.2.0 68.00 NOTE
r-oldrel-windows-ix86+x86_64 0.2.0 6.00 97.00 103.00 NOTE

Check Details

Version: 0.2.0
Check: LazyData
Result: NOTE
     'LazyData' is specified without a 'data' directory
Flavors: r-devel-linux-x86_64-debian-clang, r-devel-linux-x86_64-debian-gcc, r-devel-linux-x86_64-fedora-clang, r-devel-linux-x86_64-fedora-gcc, r-devel-windows-x86_64, r-patched-linux-x86_64, r-release-linux-x86_64, r-release-macos-arm64, r-release-macos-x86_64, r-release-windows-x86_64, r-oldrel-macos-arm64, r-oldrel-macos-x86_64, r-oldrel-windows-ix86+x86_64