CRAN Package Check Results for Package migest

Last updated on 2022-01-23 05:57:57 CET.

Flavor Version Tinstall Tcheck Ttotal Status Flags
r-devel-linux-x86_64-debian-clang 2.0.2 5.82 54.36 60.18 OK
r-devel-linux-x86_64-debian-gcc 2.0.2 4.53 45.20 49.73 OK
r-devel-linux-x86_64-fedora-clang 2.0.2 73.29 NOTE
r-devel-linux-x86_64-fedora-gcc 2.0.2 66.41 NOTE
r-devel-windows-x86_64-new-UL 2.0.2 59.00 83.00 142.00 OK
r-devel-windows-x86_64-new-TK 2.0.2 NOTE
r-patched-linux-x86_64 2.0.2 5.36 51.95 57.31 OK
r-release-linux-x86_64 2.0.2 6.05 51.35 57.40 OK
r-release-macos-arm64 2.0.2 NOTE
r-release-macos-x86_64 2.0.2 NOTE
r-release-windows-ix86+x86_64 2.0.2 10.00 69.00 79.00 OK
r-oldrel-macos-x86_64 2.0.2 ERROR
r-oldrel-windows-ix86+x86_64 2.0.2 11.00 59.00 70.00 ERROR

Check Details

Version: 2.0.2
Check: data for non-ASCII characters
Result: NOTE
     Note: found 4 marked UTF-8 strings
Flavors: r-devel-linux-x86_64-fedora-clang, r-devel-linux-x86_64-fedora-gcc, r-devel-windows-x86_64-new-TK, r-release-macos-arm64, r-release-macos-x86_64, r-oldrel-macos-x86_64

Version: 2.0.2
Check: examples
Result: ERROR
    Running examples in ‘migest-Ex.R’ failed
    The error most likely occurred in:
    
    > ### Name: index_distance
    > ### Title: Summary indices of migration distance
    > ### Aliases: index_distance
    >
    > ### ** Examples
    >
    > # single year
    > index_distance(
    + m = subset(korea_reg, year == 2020),
    + d = korea_dist
    + )
    Error in index_distance(m = subset(korea_reg, year == 2020), d = korea_dist) :
     different region names in m and d
    Execution halted
Flavors: r-oldrel-macos-x86_64, r-oldrel-windows-ix86+x86_64