CRAN Package Check Results for Package migration.indices

Last updated on 2020-04-08 05:47:25 CEST.

Flavor Version Tinstall Tcheck Ttotal Status Flags
r-devel-linux-x86_64-debian-clang 0.3.0 2.40 22.61 25.01 NOTE
r-devel-linux-x86_64-debian-gcc 0.3.0 1.79 18.08 19.87 NOTE
r-devel-linux-x86_64-fedora-clang 0.3.0 31.22 NOTE
r-devel-linux-x86_64-fedora-gcc 0.3.0 33.84 NOTE
r-devel-windows-ix86+x86_64 0.3.0 6.00 53.00 59.00 NOTE
r-devel-windows-ix86+x86_64-gcc8 0.3.0 6.00 35.00 41.00 NOTE
r-patched-linux-x86_64 0.3.0 2.41 22.45 24.86 NOTE
r-patched-solaris-x86 0.3.0 50.40 NOTE
r-release-linux-x86_64 0.3.0 1.96 21.35 23.31 NOTE
r-release-windows-ix86+x86_64 0.3.0 5.00 53.00 58.00 NOTE
r-release-osx-x86_64 0.3.0 NOTE
r-oldrel-windows-ix86+x86_64 0.3.0 6.00 33.00 39.00 NOTE
r-oldrel-osx-x86_64 0.3.0 NOTE

Check Details

Version: 0.3.0
Check: R code for possible problems
Result: NOTE
    migration.cv.in : <anonymous>: no visible global function definition
     for 'sd'
    migration.cv.out : <anonymous>: no visible global function definition
     for 'sd'
    migration.field.diagram: no visible global function definition for
     'lines'
    migration.field.diagram: no visible global function definition for
     'text'
    migration.field.diagram: no visible global function definition for
     'polygon'
    migration.field.diagram: no visible global function definition for 'lm'
    migration.field.diagram: no visible global function definition for
     'predict'
    migration.field.diagram: no visible global function definition for
     'points'
    migration.field.diagram: no visible global function definition for
     'resid'
    migration.field.diagram: no visible global function definition for
     'coef'
    migration.field.diagram: no visible global function definition for
     'mtext'
    migration.field.diagram: no visible global function definition for
     'density'
    migration.field.diagram: no visible global function definition for
     'rug'
    migration.gini.col : <anonymous>: no visible global function definition
     for 'dist'
    migration.gini.in : <anonymous>: no visible global function definition
     for 'dist'
    migration.gini.out : <anonymous>: no visible global function definition
     for 'dist'
    migration.gini.row : <anonymous>: no visible global function definition
     for 'dist'
    migration.gini.total: no visible global function definition for 'dist'
    Undefined global functions or variables:
     coef density dist lines lm mtext points polygon predict resid rug sd
     text
    Consider adding
     importFrom("graphics", "lines", "mtext", "points", "polygon", "rug",
     "text")
     importFrom("stats", "coef", "density", "dist", "lm", "predict",
     "resid", "sd")
    to your NAMESPACE file.
Flavors: r-devel-linux-x86_64-debian-clang, r-devel-linux-x86_64-debian-gcc, r-devel-linux-x86_64-fedora-clang, r-devel-linux-x86_64-fedora-gcc, r-devel-windows-ix86+x86_64, r-devel-windows-ix86+x86_64-gcc8, r-patched-linux-x86_64, r-patched-solaris-x86

Version: 0.3.0
Check: R code for possible problems
Result: NOTE
    migration.cv.in : <anonymous>: no visible global function definition
     for ‘sd’
    migration.cv.out : <anonymous>: no visible global function definition
     for ‘sd’
    migration.field.diagram: no visible global function definition for
     ‘plot’
    migration.field.diagram: no visible global function definition for
     ‘lines’
    migration.field.diagram: no visible global function definition for
     ‘text’
    migration.field.diagram: no visible global function definition for
     ‘polygon’
    migration.field.diagram: no visible global function definition for ‘lm’
    migration.field.diagram: no visible global function definition for
     ‘predict’
    migration.field.diagram: no visible global function definition for
     ‘points’
    migration.field.diagram: no visible global function definition for
     ‘resid’
    migration.field.diagram: no visible global function definition for
     ‘coef’
    migration.field.diagram: no visible global function definition for
     ‘mtext’
    migration.field.diagram: no visible global function definition for
     ‘density’
    migration.field.diagram: no visible global function definition for
     ‘rug’
    migration.gini.col : <anonymous>: no visible global function definition
     for ‘dist’
    migration.gini.in : <anonymous>: no visible global function definition
     for ‘dist’
    migration.gini.out : <anonymous>: no visible global function definition
     for ‘dist’
    migration.gini.row : <anonymous>: no visible global function definition
     for ‘dist’
    migration.gini.total: no visible global function definition for ‘dist’
    Undefined global functions or variables:
     coef density dist lines lm mtext plot points polygon predict resid
     rug sd text
    Consider adding
     importFrom("graphics", "lines", "mtext", "plot", "points", "polygon",
     "rug", "text")
     importFrom("stats", "coef", "density", "dist", "lm", "predict",
     "resid", "sd")
    to your NAMESPACE file.
Flavors: r-release-linux-x86_64, r-release-windows-ix86+x86_64, r-release-osx-x86_64, r-oldrel-windows-ix86+x86_64, r-oldrel-osx-x86_64