Last updated on 2023-01-29 05:49:41 CET.
Flavor | Version | Tinstall | Tcheck | Ttotal | Status | Flags |
---|---|---|---|---|---|---|
r-devel-linux-x86_64-debian-clang | 1.0-3 | 66.79 | 33.47 | 100.26 | OK | |
r-devel-linux-x86_64-debian-gcc | 1.0-3 | 49.73 | 28.39 | 78.12 | NOTE | |
r-devel-linux-x86_64-fedora-clang | 1.0-3 | 137.38 | NOTE | |||
r-devel-linux-x86_64-fedora-gcc | 1.0-3 | 145.29 | NOTE | |||
r-devel-windows-x86_64 | 1.0-3 | 70.00 | 94.00 | 164.00 | NOTE | |
r-patched-linux-x86_64 | 1.0-3 | 56.57 | 36.29 | 92.86 | OK | |
r-release-linux-x86_64 | 1.0-3 | 63.00 | 36.30 | 99.30 | OK | |
r-release-macos-arm64 | 1.0-3 | 36.00 | NOTE | |||
r-release-macos-x86_64 | 1.0-3 | 54.00 | NOTE | |||
r-release-windows-x86_64 | 1.0-3 | 60.00 | 90.00 | 150.00 | OK | |
r-oldrel-macos-arm64 | 1.0-3 | 34.00 | NOTE | |||
r-oldrel-macos-x86_64 | 1.0-3 | 52.00 | NOTE | |||
r-oldrel-windows-ix86+x86_64 | 1.0-3 | 157.00 | 98.00 | 255.00 | OK |
Version: 1.0-3
Check: C++ specification
Result: NOTE
Specified C++11: please update to current default of C++17
Flavors: r-devel-linux-x86_64-debian-gcc, r-devel-linux-x86_64-fedora-clang, r-devel-linux-x86_64-fedora-gcc, r-devel-windows-x86_64
Version: 1.0-3
Check: installed package size
Result: NOTE
installed size is 22.3Mb
sub-directories of 1Mb or more:
libs 22.2Mb
Flavors: r-release-macos-arm64, r-release-macos-x86_64, r-oldrel-macos-arm64, r-oldrel-macos-x86_64