CRAN Package Check Results for Package minpack.lm

Last updated on 2020-05-30 05:48:09 CEST.

Flavor Version Tinstall Tcheck Ttotal Status Flags
r-devel-linux-x86_64-debian-clang 1.2-1 5.46 21.53 26.99 OK
r-devel-linux-x86_64-debian-gcc 1.2-1 4.58 17.05 21.63 OK
r-devel-linux-x86_64-fedora-clang 1.2-1 34.61 NOTE
r-devel-linux-x86_64-fedora-gcc 1.2-1 33.08 NOTE
r-devel-windows-ix86+x86_64 1.2-1 30.00 53.00 83.00 OK
r-patched-linux-x86_64 1.2-1 5.28 21.47 26.75 OK
r-patched-solaris-x86 1.2-1 49.20 OK
r-release-linux-x86_64 1.2-1 5.39 21.29 26.68 OK
r-release-osx-x86_64 1.2-1 OK
r-release-windows-ix86+x86_64 1.2-1 24.00 51.00 75.00 OK
r-oldrel-osx-x86_64 1.2-1 OK
r-oldrel-windows-ix86+x86_64 1.2-1 33.00 41.00 74.00 OK

Check Details

Version: 1.2-1
Check: compiled code
Result: NOTE
    File ‘minpack.lm/libs/minpack.lm.so’:
     Found no calls to: ‘R_registerRoutines’, ‘R_useDynamicSymbols’
    
    It is good practice to register native routines and to disable symbol
    search.
    
    See ‘Writing portable packages’ in the ‘Writing R Extensions’ manual.
Flavors: r-devel-linux-x86_64-fedora-clang, r-devel-linux-x86_64-fedora-gcc