CRAN Package Check Results for Package minpack.lm

Last updated on 2019-05-19 05:47:57 CEST.

Flavor Version Tinstall Tcheck Ttotal Status Flags
r-devel-linux-x86_64-debian-clang 1.2-1 5.18 19.85 25.03 OK
r-devel-linux-x86_64-debian-gcc 1.2-1 4.06 16.01 20.07 OK
r-devel-linux-x86_64-fedora-clang 1.2-1 30.64 NOTE
r-devel-linux-x86_64-fedora-gcc 1.2-1 28.76 NOTE
r-devel-windows-ix86+x86_64 1.2-1 40.00 41.00 81.00 OK
r-patched-linux-x86_64 1.2-1 5.13 19.92 25.05 OK
r-patched-solaris-x86 1.2-1 56.80 OK
r-release-linux-x86_64 1.2-1 5.01 20.17 25.18 OK
r-release-windows-ix86+x86_64 1.2-1 27.00 52.00 79.00 OK
r-release-osx-x86_64 1.2-1 OK
r-oldrel-windows-ix86+x86_64 1.2-1 25.00 49.00 74.00 OK
r-oldrel-osx-x86_64 1.2-1 OK

Check Details

Version: 1.2-1
Check: compiled code
Result: NOTE
    File ‘minpack.lm/libs/minpack.lm.so’:
     Found no calls to: ‘R_registerRoutines’, ‘R_useDynamicSymbols’
    
    It is good practice to register native routines and to disable symbol
    search.
    
    See ‘Writing portable packages’ in the ‘Writing R Extensions’ manual.
Flavors: r-devel-linux-x86_64-fedora-clang, r-devel-linux-x86_64-fedora-gcc