CRAN Package Check Results for Package mirt

Last updated on 2019-07-16 05:48:21 CEST.

Flavor Version Tinstall Tcheck Ttotal Status Flags
r-devel-linux-x86_64-debian-clang 1.30 121.81 175.18 296.99 OK
r-devel-linux-x86_64-debian-gcc 1.30 98.40 136.21 234.61 OK
r-devel-linux-x86_64-fedora-clang 1.30 377.40 NOTE
r-devel-linux-x86_64-fedora-gcc 1.30 384.55 OK
r-devel-windows-ix86+x86_64 1.30 262.00 212.00 474.00 OK
r-patched-linux-x86_64 1.30 109.10 176.39 285.49 OK
r-patched-solaris-x86 1.30 421.20 OK
r-release-linux-x86_64 1.30 107.60 174.31 281.91 OK
r-release-windows-ix86+x86_64 1.30 199.00 312.00 511.00 OK
r-release-osx-x86_64 1.30 NOTE
r-oldrel-windows-ix86+x86_64 1.30 255.00 276.00 531.00 OK
r-oldrel-osx-x86_64 1.30 NOTE

Check Details

Version: 1.30
Check: installed package size
Result: NOTE
     installed size is 7.8Mb
     sub-directories of 1Mb or more:
     R 1.4Mb
     libs 5.8Mb
Flavors: r-devel-linux-x86_64-fedora-clang, r-release-osx-x86_64, r-oldrel-osx-x86_64