CRAN Package Check Results for Package misc3d

Last updated on 2022-01-25 05:54:48 CET.

Flavor Version Tinstall Tcheck Ttotal Status Flags
r-devel-linux-x86_64-debian-clang 0.9-1 6.35 56.96 63.31 OK
r-devel-linux-x86_64-debian-gcc 0.9-1 5.30 44.40 49.70 OK
r-devel-linux-x86_64-fedora-clang 0.9-1 79.95 NOTE
r-devel-linux-x86_64-fedora-gcc 0.9-1 70.05 OK
r-devel-windows-x86_64-new-UL 0.9-1 38.00 87.00 125.00 OK
r-devel-windows-x86_64-new-TK 0.9-1 OK
r-patched-linux-x86_64 0.9-1 6.41 56.65 63.06 OK
r-release-linux-x86_64 0.9-1 6.61 56.63 63.24 OK
r-release-macos-arm64 0.9-1 OK
r-release-macos-x86_64 0.9-1 OK
r-release-windows-ix86+x86_64 0.9-1 10.00 70.00 80.00 OK
r-oldrel-macos-x86_64 0.9-1 OK
r-oldrel-windows-ix86+x86_64 0.9-1 9.00 69.00 78.00 OK

Check Details

Version: 0.9-1
Check: Rd cross-references
Result: NOTE
    Undeclared package ‘scatterplot3d’ in Rd xrefs
Flavor: r-devel-linux-x86_64-fedora-clang