CRAN Package Check Results for Package miscTools

Last updated on 2022-01-28 05:49:02 CET.

Flavor Version Tinstall Tcheck Ttotal Status Flags
r-devel-linux-x86_64-debian-clang 0.6-26 1.94 36.98 38.92 OK
r-devel-linux-x86_64-debian-gcc 0.6-26 2.04 28.85 30.89 OK
r-devel-linux-x86_64-fedora-clang 0.6-26 50.06 NOTE
r-devel-linux-x86_64-fedora-gcc 0.6-26 38.33 OK
r-devel-windows-x86_64-new-UL 0.6-26 53.00 58.00 111.00 OK
r-devel-windows-x86_64-new-TK 0.6-26 OK
r-patched-linux-x86_64 0.6-26 3.14 35.33 38.47 OK
r-release-linux-x86_64 0.6-26 2.64 35.11 37.75 OK
r-release-macos-arm64 0.6-26 OK
r-release-macos-x86_64 0.6-26 OK
r-release-windows-ix86+x86_64 0.6-26 6.00 47.00 53.00 OK
r-oldrel-macos-x86_64 0.6-26 OK
r-oldrel-windows-ix86+x86_64 0.6-26 6.00 47.00 53.00 OK

Check Details

Version: 0.6-26
Check: Rd cross-references
Result: NOTE
    Undeclared package ‘maxLik’ in Rd xrefs
Flavor: r-devel-linux-x86_64-fedora-clang