CRAN Package Check Results for Package missCompare

Last updated on 2021-06-18 05:48:51 CEST.

Flavor Version Tinstall Tcheck Ttotal Status Flags
r-devel-linux-x86_64-debian-clang 1.0.3 21.18 281.91 303.09 OK
r-devel-linux-x86_64-debian-gcc 1.0.3 18.91 211.92 230.83 OK
r-devel-linux-x86_64-fedora-clang 1.0.3 363.06 OK
r-devel-linux-x86_64-fedora-gcc 1.0.3 356.33 OK
r-devel-windows-x86_64 1.0.3 35.00 383.00 418.00 OK
r-devel-windows-x86_64-gcc10-UCRT 1.0.3 OK
r-patched-linux-x86_64 1.0.3 19.62 270.30 289.92 OK
r-patched-solaris-x86 1.0.3 577.30 OK
r-release-linux-x86_64 1.0.3 21.11 267.71 288.82 OK
r-release-macos-arm64 1.0.3 ERROR
r-release-macos-x86_64 1.0.3 OK
r-release-windows-ix86+x86_64 1.0.3 50.00 393.00 443.00 OK
r-oldrel-macos-x86_64 1.0.3 OK
r-oldrel-windows-ix86+x86_64 1.0.3 36.00 424.00 460.00 OK

Check Details

Version: 1.0.3
Check: package dependencies
Result: ERROR
    Package required but not available: ‘pcaMethods’
    
    See section ‘The DESCRIPTION file’ in the ‘Writing R Extensions’
    manual.
Flavor: r-release-macos-arm64