CRAN Package Check Results for Package mixKernel

Last updated on 2019-12-14 05:47:34 CET.

Flavor Version Tinstall Tcheck Ttotal Status Flags
r-devel-linux-x86_64-debian-clang 0.3 25.83 214.15 239.98 OK
r-devel-linux-x86_64-debian-gcc 0.3 22.82 169.56 192.38 OK
r-devel-linux-x86_64-fedora-clang 0.3 295.08 OK
r-devel-linux-x86_64-fedora-gcc 0.3 282.88 OK
r-devel-windows-ix86+x86_64 0.3 42.00 266.00 308.00 OK
r-devel-windows-ix86+x86_64-gcc8 0.3 31.00 7.00 38.00 ERROR
r-patched-linux-x86_64 0.3 21.93 188.22 210.15 OK
r-patched-solaris-x86 0.3 383.20 OK
r-release-linux-x86_64 0.3 22.43 184.33 206.76 OK
r-release-windows-ix86+x86_64 0.3 44.00 184.00 228.00 OK
r-release-osx-x86_64 0.3 WARN
r-oldrel-windows-ix86+x86_64 0.3 28.00 177.00 205.00 OK
r-oldrel-osx-x86_64 0.3 OK

Check Details

Version: 0.3
Check: whether package can be installed
Result: ERROR
    Installation failed.
Flavor: r-devel-windows-ix86+x86_64-gcc8

Version: 0.3
Check: whether package can be installed
Result: WARN
    Found the following significant warnings:
     Warning: package ‘mixOmics’ was built under R version 3.6.1
Flavor: r-release-osx-x86_64