CRAN Package Check Results for Package mixsqp

Last updated on 2021-01-22 05:50:34 CET.

Flavor Version Tinstall Tcheck Ttotal Status Flags
r-devel-linux-x86_64-debian-clang 0.3-43 87.85 120.93 208.78 OK
r-devel-linux-x86_64-debian-gcc 0.3-43 57.35 82.28 139.63 OK
r-devel-linux-x86_64-fedora-clang 0.3-43 262.97 OK
r-devel-linux-x86_64-fedora-gcc 0.3-43 232.44 OK
r-devel-windows-ix86+x86_64 0.3-43 188.00 149.00 337.00 OK
r-patched-linux-x86_64 0.3-43 68.83 102.40 171.23 OK
r-patched-solaris-x86 0.3-43 315.40 NOTE
r-release-linux-x86_64 0.3-43 64.96 105.27 170.23 OK
r-release-macos-x86_64 0.3-43 OK
r-release-windows-ix86+x86_64 0.3-43 141.00 191.00 332.00 OK
r-oldrel-macos-x86_64 0.3-43 OK
r-oldrel-windows-ix86+x86_64 0.3-43 124.00 133.00 257.00 NOTE

Check Details

Version: 0.3-43
Check: package dependencies
Result: NOTE
    Packages suggested but not available for checking: 'REBayes', 'Rmosek'
Flavor: r-patched-solaris-x86

Version: 0.3-43
Check: package dependencies
Result: NOTE
    Package suggested but not available for checking: 'REBayes'
Flavor: r-oldrel-windows-ix86+x86_64

Version: 0.3-43
Check: Rd cross-references
Result: NOTE
    Package unavailable to check Rd xrefs: 'REBayes'
Flavor: r-oldrel-windows-ix86+x86_64