CRAN Package Check Results for Package mixtur

Last updated on 2021-11-30 05:53:24 CET.

Flavor Version Tinstall Tcheck Ttotal Status Flags
r-devel-linux-x86_64-debian-clang 1.2.0 7.80 64.11 71.91 OK
r-devel-linux-x86_64-debian-gcc 1.2.0 7.48 47.26 54.74 OK
r-devel-linux-x86_64-fedora-clang 1.2.0 99.05 NOTE
r-devel-linux-x86_64-fedora-gcc 1.2.0 85.90 NOTE
r-devel-windows-x86_64-new-UL 1.2.0 19.00 100.00 119.00 OK
r-devel-windows-x86_64-new-TK 1.2.0 NOTE
r-devel-windows-x86_64-old 1.2.0 17.00 59.00 76.00 OK
r-patched-linux-x86_64 1.2.0 8.63 58.65 67.28 OK
r-patched-solaris-x86 1.2.0 117.10 NOTE
r-release-linux-x86_64 1.2.0 8.02 60.47 68.49 OK
r-release-macos-arm64 1.2.0 NOTE
r-release-macos-x86_64 1.2.0 NOTE
r-release-windows-ix86+x86_64 1.2.0 20.00 58.00 78.00 OK
r-oldrel-macos-x86_64 1.2.0 NOTE
r-oldrel-windows-ix86+x86_64 1.2.0 15.00 58.00 73.00 OK

Check Details

Version: 1.2.0
Check: dependencies in R code
Result: NOTE
    Namespace in Imports field not imported from: ‘RColorBrewer’
     All declared Imports should be used.
Flavors: r-devel-linux-x86_64-fedora-clang, r-devel-linux-x86_64-fedora-gcc, r-devel-windows-x86_64-new-TK, r-patched-solaris-x86, r-release-macos-arm64, r-release-macos-x86_64, r-oldrel-macos-x86_64