CRAN Package Check Results for Package mlbench

Last updated on 2021-04-11 05:48:00 CEST.

Flavor Version Tinstall Tcheck Ttotal Status Flags
r-devel-linux-x86_64-debian-clang 2.1-3 4.37 41.47 45.84 OK
r-devel-linux-x86_64-debian-gcc 2.1-3 2.73 32.93 35.66 OK
r-devel-linux-x86_64-fedora-clang 2.1-3 64.94 OK
r-devel-linux-x86_64-fedora-gcc 2.1-3 51.35 OK
r-devel-windows-ix86+x86_64 2.1-3 10.00 69.00 79.00 OK
r-devel-windows-x86_64-gcc10-UCRT 2.1-3 OK
r-patched-linux-x86_64 2.1-3 4.00 39.89 43.89 OK
r-patched-solaris-x86 2.1-3 81.60 OK
r-release-linux-x86_64 2.1-3 3.60 40.36 43.96 OK
r-release-macos-x86_64 2.1-3 OK
r-release-windows-ix86+x86_64 2.1-3 9.00 86.00 95.00 OK
r-oldrel-macos-x86_64 2.1-3 NOTE
r-oldrel-windows-ix86+x86_64 2.1-3 9.00 65.00 74.00 NOTE

Check Details

Version: 2.1-3
Check: R code for possible problems
Result: NOTE
    plot.mlbench: no visible global function definition for ‘plot’
    Undefined global functions or variables:
     plot
    Consider adding
     importFrom("graphics", "plot")
    to your NAMESPACE file.
Flavors: r-oldrel-macos-x86_64, r-oldrel-windows-ix86+x86_64