CRAN Package Check Results for Package mldr

Last updated on 2019-09-16 05:47:00 CEST.

Flavor Version Tinstall Tcheck Ttotal Status Flags
r-devel-linux-x86_64-debian-clang 0.4.2 6.51 59.53 66.04 NOTE
r-devel-linux-x86_64-debian-gcc 0.4.2 5.78 47.55 53.33 NOTE
r-devel-linux-x86_64-fedora-clang 0.4.2 81.90 NOTE
r-devel-linux-x86_64-fedora-gcc 0.4.2 83.45 NOTE
r-devel-windows-ix86+x86_64 0.4.2 24.00 72.00 96.00 OK
r-patched-linux-x86_64 0.4.2 6.17 60.22 66.39 OK
r-patched-solaris-x86 0.4.2 120.90 OK
r-release-linux-x86_64 0.4.2 5.18 59.51 64.69 OK
r-release-windows-ix86+x86_64 0.4.2 12.00 67.00 79.00 OK
r-release-osx-x86_64 0.4.2 OK
r-oldrel-windows-ix86+x86_64 0.4.2 12.00 71.00 83.00 OK
r-oldrel-osx-x86_64 0.4.2 OK

Check Details

Version: 0.4.2
Check: for non-standard things in the check directory
Result: NOTE
    Found the following files/directories:
     'myemotions.arff'
Flavors: r-devel-linux-x86_64-debian-clang, r-devel-linux-x86_64-debian-gcc, r-devel-linux-x86_64-fedora-clang, r-devel-linux-x86_64-fedora-gcc