CRAN Package Check Results for Package mlr3oml

Last updated on 2021-06-19 05:50:14 CEST.

Flavor Version Tinstall Tcheck Ttotal Status Flags
r-devel-linux-x86_64-debian-clang 0.4.3 6.70 49.80 56.50 OK
r-devel-linux-x86_64-debian-gcc 0.4.3 5.41 38.10 43.51 OK
r-devel-linux-x86_64-fedora-clang 0.4.3 78.61 OK
r-devel-linux-x86_64-fedora-gcc 0.4.3 64.90 OK
r-devel-windows-x86_64 0.4.3 12.00 68.00 80.00 OK
r-devel-windows-x86_64-gcc10-UCRT 0.4.3 OK
r-patched-linux-x86_64 0.4.3 8.65 47.26 55.91 OK
r-patched-solaris-x86 0.4.3 103.40 NOTE
r-release-linux-x86_64 0.4.3 6.28 47.34 53.62 OK
r-release-macos-arm64 0.4.3 ERROR
r-release-macos-x86_64 0.4.3 OK
r-release-windows-ix86+x86_64 0.4.3 18.00 84.00 102.00 OK
r-oldrel-macos-x86_64 0.4.3 OK
r-oldrel-windows-ix86+x86_64 0.4.3 14.00 87.00 101.00 OK

Check Details

Version: 0.4.3
Check: package dependencies
Result: NOTE
    Package suggested but not available for checking: ‘RWeka’
Flavor: r-patched-solaris-x86

Version: 0.4.3
Check: tests
Result: ERROR
     Running ‘testthat.R’ [1s/1s]
    Running the tests in ‘tests/testthat.R’ failed.
    Complete output:
     > library(testthat)
     > library(checkmate)
     > # library(mlr3oml)
     >
     > test_check("mlr3oml")
     Loading required package: mlr3oml
Flavor: r-release-macos-arm64