Last updated on 2023-02-01 05:50:51 CET.
Flavor | Version | Tinstall | Tcheck | Ttotal | Status | Flags |
---|---|---|---|---|---|---|
r-devel-linux-x86_64-debian-clang | 0.4.2 | 34.52 | 579.43 | 613.95 | OK | |
r-devel-linux-x86_64-debian-gcc | 0.4.2 | 24.66 | 411.17 | 435.83 | OK | |
r-devel-linux-x86_64-fedora-clang | 0.4.2 | 741.09 | NOTE | |||
r-devel-linux-x86_64-fedora-gcc | 0.4.2 | 739.72 | OK | |||
r-devel-windows-x86_64 | 0.4.2 | 99.00 | 500.00 | 599.00 | OK | |
r-patched-linux-x86_64 | 0.4.2 | 47.52 | 506.12 | 553.64 | OK | |
r-release-linux-x86_64 | 0.4.2 | 30.26 | 517.22 | 547.48 | OK | |
r-release-macos-arm64 | 0.4.2 | 145.00 | OK | |||
r-release-macos-x86_64 | 0.4.2 | 163.00 | OK | |||
r-release-windows-x86_64 | 0.4.2 | 213.00 | 480.00 | 693.00 | OK | |
r-oldrel-macos-arm64 | 0.4.2 | 128.00 | OK | |||
r-oldrel-macos-x86_64 | 0.4.2 | 163.00 | OK | |||
r-oldrel-windows-ix86+x86_64 | 0.4.2 | 55.00 | 590.00 | 645.00 | OK |
Version: 0.4.2
Check: Rd cross-references
Result: NOTE
Undeclared package ‘htmlwidgets’ in Rd xrefs
Flavor: r-devel-linux-x86_64-fedora-clang