CRAN Package Check Results for Package mlrCPO

Last updated on 2022-11-28 04:54:46 CET.

Flavor Version Tinstall Tcheck Ttotal Status Flags
r-devel-linux-x86_64-debian-clang 0.3.7-6 31.98 449.18 481.16 OK
r-devel-linux-x86_64-debian-gcc 0.3.7-6 24.41 328.59 353.00 OK
r-devel-linux-x86_64-fedora-clang 0.3.7-6 588.41 OK
r-devel-linux-x86_64-fedora-gcc 0.3.7-6 576.71 OK
r-devel-windows-x86_64 0.3.7-6 109.00 499.00 608.00 OK
r-patched-linux-x86_64 0.3.7-6 48.25 389.94 438.19 OK
r-release-linux-x86_64 0.3.7-6 28.24 363.21 391.45 OK
r-release-macos-arm64 0.3.7-6 141.00 OK
r-release-macos-x86_64 0.3.7-6 173.00 OK
r-release-windows-x86_64 0.3.7-5 37.00 8.00 45.00 ERROR
r-oldrel-macos-arm64 0.3.7-6 152.00 OK
r-oldrel-macos-x86_64 0.3.7-6 190.00 OK
r-oldrel-windows-ix86+x86_64 0.3.7-6 55.00 453.00 508.00 OK

Check Details

Version: 0.3.7-5
Check: whether package can be installed
Result: ERROR
    Installation failed.
Flavor: r-release-windows-x86_64