CRAN Package Check Results for Package mlrintermbo

Last updated on 2022-11-27 05:51:37 CET.

Flavor Version Tinstall Tcheck Ttotal Status Flags
r-devel-linux-x86_64-debian-clang 0.5.0 5.63 435.12 440.75 NOTE
r-devel-linux-x86_64-debian-gcc 0.5.0 4.27 318.80 323.07 NOTE
r-devel-linux-x86_64-fedora-clang 0.5.0 527.57 NOTE
r-devel-linux-x86_64-fedora-gcc 0.5.0 534.60 NOTE
r-devel-windows-x86_64 0.5.0 22.00 492.00 514.00 NOTE
r-patched-linux-x86_64 0.5.0 5.38 479.64 485.02 NOTE
r-release-linux-x86_64 0.5.0 5.02 483.30 488.32 NOTE
r-release-macos-arm64 0.5.0 311.00 NOTE
r-release-macos-x86_64 0.5.0 477.00 NOTE
r-release-windows-x86_64 0.5.0 21.00 486.00 507.00 NOTE
r-oldrel-macos-arm64 0.5.0 451.00 NOTE
r-oldrel-macos-x86_64 0.5.0 422.00 NOTE
r-oldrel-windows-ix86+x86_64 0.5.0 13.00 547.00 560.00 NOTE

Check Details

Version: 0.5.0
Check: package subdirectories
Result: NOTE
    Problems with news in 'NEWS.md':
    No news entries found.
Flavors: r-devel-linux-x86_64-debian-clang, r-devel-linux-x86_64-debian-gcc, r-devel-linux-x86_64-fedora-clang, r-devel-linux-x86_64-fedora-gcc, r-devel-windows-x86_64

Version: 0.5.0
Check: LazyData
Result: NOTE
     'LazyData' is specified without a 'data' directory
Flavors: r-devel-linux-x86_64-debian-clang, r-devel-linux-x86_64-debian-gcc, r-devel-linux-x86_64-fedora-clang, r-devel-linux-x86_64-fedora-gcc, r-devel-windows-x86_64, r-patched-linux-x86_64, r-release-linux-x86_64, r-release-macos-arm64, r-release-macos-x86_64, r-release-windows-x86_64, r-oldrel-macos-arm64, r-oldrel-macos-x86_64, r-oldrel-windows-ix86+x86_64