CRAN Package Check Results for Package mlrintermbo

Last updated on 2021-06-18 05:48:51 CEST.

Flavor Version Tinstall Tcheck Ttotal Status Flags
r-devel-linux-x86_64-debian-clang 0.5.0 4.75 417.47 422.22 NOTE
r-devel-linux-x86_64-debian-gcc 0.5.0 3.59 288.76 292.35 NOTE
r-devel-linux-x86_64-fedora-clang 0.5.0 483.16 NOTE
r-devel-linux-x86_64-fedora-gcc 0.5.0 478.83 NOTE
r-devel-windows-x86_64 0.5.0 7.00 370.00 377.00 NOTE
r-devel-windows-x86_64-gcc10-UCRT 0.5.0 NOTE
r-patched-linux-x86_64 0.5.0 4.21 380.89 385.10 NOTE
r-patched-solaris-x86 0.5.0 679.60 NOTE
r-release-linux-x86_64 0.5.0 3.72 392.70 396.42 NOTE
r-release-macos-arm64 0.5.0 NOTE
r-release-macos-x86_64 0.5.0 NOTE
r-release-windows-ix86+x86_64 0.5.0 10.00 389.00 399.00 NOTE
r-oldrel-macos-x86_64 0.5.0 OK
r-oldrel-windows-ix86+x86_64 0.5.0 7.00 399.00 406.00 OK

Check Details

Version: 0.5.0
Check: LazyData
Result: NOTE
     'LazyData' is specified without a 'data' directory
Flavors: r-devel-linux-x86_64-debian-clang, r-devel-linux-x86_64-debian-gcc, r-devel-linux-x86_64-fedora-clang, r-devel-linux-x86_64-fedora-gcc, r-devel-windows-x86_64, r-devel-windows-x86_64-gcc10-UCRT, r-patched-linux-x86_64, r-patched-solaris-x86, r-release-linux-x86_64, r-release-macos-arm64, r-release-macos-x86_64, r-release-windows-ix86+x86_64