CRAN Package Check Results for Package mmconvert

Last updated on 2024-06-13 06:58:09 CEST.

Flavor Version Tinstall Tcheck Ttotal Status Flags
r-devel-linux-x86_64-debian-clang 0.10 22.15 37.39 59.54 OK
r-devel-linux-x86_64-debian-gcc 0.10 15.35 27.79 43.14 ERROR
r-devel-linux-x86_64-fedora-clang 0.10 80.81 OK
r-devel-linux-x86_64-fedora-gcc 0.10 76.34 OK
r-devel-windows-x86_64 0.10 18.00 66.00 84.00 OK
r-patched-linux-x86_64 0.10 17.40 35.50 52.90 OK
r-release-linux-x86_64 0.10 16.61 35.53 52.14 OK
r-release-macos-arm64 0.10 24.00 OK
r-release-macos-x86_64 0.10 35.00 OK
r-release-windows-x86_64 0.10 18.00 67.00 85.00 OK
r-oldrel-macos-arm64 0.10 28.00 OK
r-oldrel-macos-x86_64 0.10 66.00 OK
r-oldrel-windows-x86_64 0.10 18.00 77.00 95.00 OK

Check Details

Version: 0.10
Check: package dependencies
Result: NOTE Packages suggested but not available for checking: 'testthat', 'devtools', 'roxygen2', 'qtl2' Flavor: r-devel-linux-x86_64-debian-gcc

Version: 0.10
Check: tests
Result: ERROR Running ‘testthat.R’ [0s/1s] Running the tests in ‘tests/testthat.R’ failed. Complete output: > library(testthat) Error in library(testthat) : there is no package called 'testthat' Execution halted Flavor: r-devel-linux-x86_64-debian-gcc