CRAN Package Check Results for Package mmmgee

Last updated on 2020-08-07 05:48:26 CEST.

Flavor Version Tinstall Tcheck Ttotal Status Flags
r-devel-linux-x86_64-debian-clang 1.20 8.68 70.07 78.75 OK
r-devel-linux-x86_64-debian-gcc 1.20 7.61 53.13 60.74 OK
r-devel-linux-x86_64-fedora-clang 1.20 103.22 NOTE
r-devel-linux-x86_64-fedora-gcc 1.20 93.16 OK
r-devel-windows-ix86+x86_64 1.20 20.00 72.00 92.00 OK
r-patched-linux-x86_64 1.20 9.67 69.76 79.43 OK
r-patched-solaris-x86 1.20 136.20 OK
r-release-linux-x86_64 1.20 7.98 69.44 77.42 OK
r-release-macos-x86_64 1.20 OK
r-release-windows-ix86+x86_64 1.20 21.00 101.00 122.00 OK
r-oldrel-macos-x86_64 1.20 OK
r-oldrel-windows-ix86+x86_64 1.20 14.00 95.00 109.00 OK

Check Details

Version: 1.20
Check: Rd cross-references
Result: NOTE
    Undeclared package ‘geeM’ in Rd xrefs
Flavor: r-devel-linux-x86_64-fedora-clang