CRAN Package Check Results for Package mmpf

Last updated on 2021-06-21 05:49:44 CEST.

Flavor Version Tinstall Tcheck Ttotal Status Flags
r-devel-linux-x86_64-debian-clang 0.0.5 2.53 37.40 39.93 NOTE
r-devel-linux-x86_64-debian-gcc 0.0.5 2.22 28.70 30.92 NOTE
r-devel-linux-x86_64-fedora-clang 0.0.5 56.12 NOTE
r-devel-linux-x86_64-fedora-gcc 0.0.5 47.02 NOTE
r-devel-windows-x86_64 0.0.5 4.00 39.00 43.00 NOTE
r-devel-windows-x86_64-gcc10-UCRT 0.0.5 NOTE
r-patched-linux-x86_64 0.0.5 2.77 35.66 38.43 NOTE
r-patched-solaris-x86 0.0.5 69.30 NOTE
r-release-linux-x86_64 0.0.5 2.40 34.80 37.20 NOTE
r-release-macos-arm64 0.0.5 NOTE
r-release-macos-x86_64 0.0.5 NOTE
r-release-windows-ix86+x86_64 0.0.5 6.00 53.00 59.00 NOTE
r-oldrel-macos-x86_64 0.0.5 OK

Check Details

Version: 0.0.5
Check: LazyData
Result: NOTE
     'LazyData' is specified without a 'data' directory
Flavors: r-devel-linux-x86_64-debian-clang, r-devel-linux-x86_64-debian-gcc, r-devel-linux-x86_64-fedora-clang, r-devel-linux-x86_64-fedora-gcc, r-devel-windows-x86_64, r-devel-windows-x86_64-gcc10-UCRT, r-patched-linux-x86_64, r-patched-solaris-x86, r-release-linux-x86_64, r-release-macos-arm64, r-release-macos-x86_64, r-release-windows-ix86+x86_64