CRAN Package Check Results for Package mmpf

Last updated on 2023-12-11 05:51:59 CET.

Flavor Version Tinstall Tcheck Ttotal Status Flags
r-devel-linux-x86_64-debian-clang 0.0.5 2.85 40.88 43.73 NOTE
r-devel-linux-x86_64-debian-gcc 0.0.5 2.21 29.97 32.18 NOTE
r-devel-linux-x86_64-fedora-clang 0.0.5 54.02 NOTE
r-devel-linux-x86_64-fedora-gcc 0.0.5 61.98 NOTE
r-devel-windows-x86_64 0.0.5 3.00 53.00 56.00 NOTE
r-patched-linux-x86_64 0.0.5 3.12 38.63 41.75 NOTE
r-release-linux-x86_64 0.0.5 1.78 38.80 40.58 NOTE
r-release-macos-arm64 0.0.5 26.00 NOTE
r-release-macos-x86_64 0.0.5 38.00 NOTE
r-release-windows-x86_64 0.0.5 4.00 55.00 59.00 NOTE
r-oldrel-macos-arm64 0.0.5 24.00 NOTE
r-oldrel-macos-x86_64 0.0.5 30.00 NOTE
r-oldrel-windows-x86_64 0.0.5 5.00 64.00 69.00 NOTE

Check Details

Version: 0.0.5
Check: package subdirectories
Result: NOTE Problems with news in ‘NEWS.md’: No news entries found. Flavors: r-devel-linux-x86_64-debian-clang, r-devel-linux-x86_64-debian-gcc, r-devel-linux-x86_64-fedora-clang, r-devel-linux-x86_64-fedora-gcc, r-devel-windows-x86_64, r-patched-linux-x86_64, r-release-linux-x86_64, r-release-macos-arm64, r-release-macos-x86_64, r-release-windows-x86_64

Version: 0.0.5
Check: LazyData
Result: NOTE 'LazyData' is specified without a 'data' directory Flavors: r-devel-linux-x86_64-debian-clang, r-devel-linux-x86_64-debian-gcc, r-devel-linux-x86_64-fedora-clang, r-devel-linux-x86_64-fedora-gcc, r-devel-windows-x86_64, r-patched-linux-x86_64, r-release-linux-x86_64, r-release-macos-arm64, r-release-macos-x86_64, r-release-windows-x86_64, r-oldrel-macos-arm64, r-oldrel-macos-x86_64, r-oldrel-windows-x86_64