CRAN Package Check Results for Package mmpf

Last updated on 2022-12-02 05:55:22 CET.

Flavor Version Tinstall Tcheck Ttotal Status Flags
r-devel-linux-x86_64-debian-clang 0.0.5 2.62 41.42 44.04 NOTE
r-devel-linux-x86_64-debian-gcc 0.0.5 2.21 30.71 32.92 NOTE
r-devel-linux-x86_64-fedora-clang 0.0.5 64.89 NOTE
r-devel-linux-x86_64-fedora-gcc 0.0.5 61.72 NOTE
r-devel-windows-x86_64 0.0.5 15.00 73.00 88.00 NOTE
r-patched-linux-x86_64 0.0.5 2.02 38.54 40.56 NOTE
r-release-linux-x86_64 0.0.5 2.71 39.47 42.18 NOTE
r-release-macos-arm64 0.0.5 24.00 NOTE
r-release-macos-x86_64 0.0.5 30.00 NOTE
r-release-windows-x86_64 0.0.5 16.00 75.00 91.00 NOTE
r-oldrel-macos-arm64 0.0.5 30.00 NOTE
r-oldrel-macos-x86_64 0.0.5 36.00 NOTE
r-oldrel-windows-ix86+x86_64 0.0.5 7.00 62.00 69.00 NOTE

Check Details

Version: 0.0.5
Check: package subdirectories
Result: NOTE
    Problems with news in 'NEWS.md':
    No news entries found.
Flavors: r-devel-linux-x86_64-debian-clang, r-devel-linux-x86_64-debian-gcc, r-devel-linux-x86_64-fedora-clang, r-devel-linux-x86_64-fedora-gcc, r-devel-windows-x86_64

Version: 0.0.5
Check: LazyData
Result: NOTE
     'LazyData' is specified without a 'data' directory
Flavors: r-devel-linux-x86_64-debian-clang, r-devel-linux-x86_64-debian-gcc, r-devel-linux-x86_64-fedora-clang, r-devel-linux-x86_64-fedora-gcc, r-devel-windows-x86_64, r-patched-linux-x86_64, r-release-linux-x86_64, r-release-macos-arm64, r-release-macos-x86_64, r-release-windows-x86_64, r-oldrel-macos-arm64, r-oldrel-macos-x86_64, r-oldrel-windows-ix86+x86_64