CRAN Package Check Results for Package modchart

Last updated on 2021-11-27 05:49:43 CET.

Flavor Version Tinstall Tcheck Ttotal Status Flags
r-devel-linux-x86_64-debian-clang 0.5 OK
r-devel-linux-x86_64-debian-gcc 0.5 27.25 74.54 101.79 OK
r-devel-linux-x86_64-fedora-clang 0.5 171.71 NOTE
r-devel-linux-x86_64-fedora-gcc 0.5 161.53 NOTE
r-devel-windows-x86_64-new-UL 0.5 56.00 143.00 199.00 OK
r-devel-windows-x86_64-new-TK 0.5 NOTE
r-devel-windows-x86_64-old 0.5 44.00 120.00 164.00 OK
r-patched-linux-x86_64 0.5 33.06 93.18 126.24 OK
r-patched-solaris-x86 0.5 241.50 NOTE
r-release-linux-x86_64 0.5 OK
r-release-macos-arm64 0.5 NOTE
r-release-macos-x86_64 0.5 NOTE
r-release-windows-ix86+x86_64 0.5 60.00 85.00 145.00 OK
r-oldrel-macos-x86_64 0.5 NOTE
r-oldrel-windows-ix86+x86_64 0.5 61.00 123.00 184.00 OK

Check Details

Version: 0.5
Check: package dependencies
Result: NOTE
    Imports includes 22 non-default packages.
    Importing from so many packages makes the package vulnerable to any of
    them becoming unavailable. Move as many as possible to Suggests and
    use conditionally.
Flavor: r-devel-linux-x86_64-fedora-clang

Version: 0.5
Check: dependencies in R code
Result: NOTE
    Namespace in Imports field not imported from: ‘lazyeval’
     All declared Imports should be used.
Flavors: r-devel-linux-x86_64-fedora-clang, r-devel-linux-x86_64-fedora-gcc, r-devel-windows-x86_64-new-TK, r-patched-solaris-x86, r-release-macos-arm64, r-release-macos-x86_64, r-oldrel-macos-x86_64